{"id":105,"date":"2018-09-26T21:49:33","date_gmt":"2018-09-27T02:49:33","guid":{"rendered":"http:\/\/heritageclub.ca\/villemarie\/?page_id=105"},"modified":"2020-11-17T10:27:23","modified_gmt":"2020-11-17T15:27:23","slug":"coordonnees","status":"publish","type":"page","link":"https:\/\/heritageclub.ca\/villemarie\/coordonnees\/","title":{"rendered":"Coordonn\u00e9es"},"content":{"rendered":"<h3 style=\"text-align: center\">Adresse Postale \u00a0\/\u00a0Pour raison op\u00e9rationnelle<br \/>\nClub H\u00e9ritage Chapitre Ville-Marie<br \/>\nC.P.347 Succ. Chabanel<br \/>\nMontr\u00e9al QC, H2N 0A6<\/h3>\n<p style=\"text-align: center\"><b>Chapitre Ville-Marie<\/b><br \/>\n<strong>Le local est situ\u00e9 au 3420 Wilson Suite 500 \u00a0Montr\u00e9al QC \u00a0H4A 1R8<\/strong><\/p>\n<p style=\"text-align: center\"><strong>(Deuxi\u00e8me \u00e9tage de la Succursale NDG du 5751 Sherbrooke Ouest Mtl \u00a0H4A 1X0)<\/strong><\/p>\n<p style=\"text-align: center\"><b>T\u00e9l\u00e9phone :<\/b>\u00a0 (514) 487-5679<\/p>\n<p style=\"text-align: center\"><b>Courriel :<\/b> <a href=\"mailto:villemarie@videotron.ca\">villemarie@videotron.ca<\/a><\/p>\n<a href=\"https:\/\/heritageclub.ca\/villemarie\/wp-content\/uploads\/sites\/17\/2018\/07\/NDG.jpg\"><img loading=\"lazy\" decoding=\"async\" class=\"size-full wp-image-5689 aligncenter\" src=\"https:\/\/heritageclub.ca\/villemarie\/wp-content\/uploads\/sites\/17\/2018\/07\/NDG.jpg\" alt=\"\" width=\"637\" height=\"404\" srcset=\"https:\/\/heritageclub.ca\/villemarie\/wp-content\/uploads\/sites\/17\/2018\/07\/NDG.jpg 637w, https:\/\/heritageclub.ca\/villemarie\/wp-content\/uploads\/sites\/17\/2018\/07\/NDG-300x190.jpg 300w\" sizes=\"auto, (max-width: 637px) 100vw, 637px\" \/><\/a>\n<h2 style=\"text-align: center\"><strong>Pour venir nous visiter :<\/strong><\/h2>\n<p>La station de Vend\u00f4me est une station sur la ligne orange du m\u00e9tro de Montr\u00e9al, situ\u00e9e dans le quartier Notre-Dame-de-Gr\u00e2ce \u00e0 proximit\u00e9 de la ville de Westmount.<\/p>\n<p style=\"text-align: center\">Boul de Maisonneuve Ouest \/ Avenue de Marlowe<\/p>\n<p style=\"text-align: center\">&#8211; Du Quai de la station de M\u00e9tro Vend\u00f4me 35 marches vers la sortie &laquo;&nbsp;De Maisonneuve Ouest&nbsp;&raquo;<\/p>\n<p style=\"text-align: center\">&#8211; \u00c0 l&rsquo;ext\u00e9rieur Vous avez 2 choix : Autobus ou petite Marche<\/p>\n<p>1- Autobus # 105 direction ouest \/ Horaire au 10 minutes (Dur\u00e9e du trajet 06 minutes)<\/p>\n<p style=\"text-align: left\">2- Petite Marche \u00a00,78 Mil \u00a01.25 Km (Dur\u00e9e entre 13 et 20 minutes)<\/p>\n<ul>\n<li>&#8211; Directions:<\/li>\n<li>&#8211; Ave de Marlowe direction nord<\/li>\n<li>&#8211; Gauche rue Sherbrooke Ouest<\/li>\n<li>&#8211; Droite rue Wilson<\/li>\n<li><\/li>\n<li>&#8211; Au 3420 Wilson vous aurez 31 marches \u00e0 gravir.<\/li>\n<li>&#8211; En haut vous avez des toilettes .<\/li>\n<li>&#8211; Prendre le corridor pour vous rendre \u00e0 la porte identifi\u00e9e Chapitre Ville-Marie<\/li>\n<li>&#8211; Suivre le corridor jusqu&rsquo;\u00e0 la suite 500<\/li>\n<li><\/li>\n<li><\/li>\n<li><\/li>\n<\/ul>\n<ul>\n<li><strong>Votre comit\u00e9 se rencontre au local du 3420 Wilson Suite 500 tous les deux mardis de 09h30 \u00e0 12h00<\/strong>.<\/li>\n<li>Planification des r\u00e9unions 2020 de votre comit\u00e9 du Chapitre Ville-Marie<\/li>\n<\/ul>\n<p>Janvier \u00a0 \u00a0 \u00a0 \u00a0 2020 &#8211; 07 &#8211; 21 (report\u00e9e le 28)<\/p>\n<p>F\u00e9vrier\u00a0\u00a0\u00a0\u00a0\u00a0\u00a0\u00a0\u00a02020 &#8211; 04 &#8211; 18<\/p>\n<p>Mars \u00a0 \u00a0 \u00a0 \u00a0 \u00a0 \u00a02020 &#8211; (03 report\u00e9e le 10) &#8211; (17 report\u00e9e le 31)- 31 (annul\u00e9e)<br \/>\nAvril\u00a0\u00a0\u00a0\u00a0\u00a0\u00a0\u00a0\u00a0\u00a0\u00a0\u00a0 2020 &#8211; 14 &#8211; 28 (14 et 28 annul\u00e9es)<br \/>\nMai \u00a0 \u00a0 \u00a0 \u00a0 \u00a0 \u00a0 \u00a02020 &#8211; 12 &#8211; 26 (annul\u00e9es)<br \/>\nJuin \u00a0 \u00a0 \u00a0 \u00a0 \u00a0 \u00a0 2020 &#8211; 09 &#8211; 23 (annul\u00e9es)<br \/>\nJuillet \u00a0 \u00a0 \u00a0 \u00a0 \u00a02020 &#8211; Vacances<br \/>\nAo\u00fbt \u00a0 \u00a0 \u00a0 \u00a0 \u00a0 \u00a02020 &#8211; 11 &#8211; 25(annul\u00e9es)<br \/>\nSeptembre \u00a02020 &#8211; 08 &#8211; 22 (annul\u00e9es)<br \/>\nOctobre \u00a0 \u00a0 \u00a0 2020 &#8211; 06 &#8211; 20\u00a0 (annul\u00e9es)<br \/>\nNovembre \u00a0 2020 &#8211; 03 &#8211; 17\u00a0 (annul\u00e9es)<br \/>\nD\u00e9cembre \u00a0 2020 &#8211; 01 &#8211; 15\u00a0 \u00a0(annul\u00e9es)<\/p>\n<h3 class=\"-title-orange skewx20\"><\/h3>\n","protected":false},"excerpt":{"rendered":"<p>Adresse Postale \u00a0\/\u00a0Pour raison op\u00e9rationnelle Club H\u00e9ritage Chapitre Ville-Marie C.P.347 Succ. Chabanel Montr\u00e9al QC, H2N 0A6 Chapitre Ville-Marie Le local est situ\u00e9 au 3420 Wilson Suite 500 \u00a0Montr\u00e9al QC \u00a0H4A 1R8 (Deuxi\u00e8me \u00e9tage de la Succursale NDG du 5751 Sherbrooke Ouest Mtl \u00a0H4A 1X0) T\u00e9l\u00e9phone :\u00a0 (514) 487-5679 Courriel : villemarie@videotron.ca Pour venir nous visiter&#8230;  <a class=\"excerpt-read-more\" href=\"https:\/\/heritageclub.ca\/villemarie\/coordonnees\/\" title=\"Read Coordonn\u00e9es\">Lire la suite &raquo;<\/a><\/p>\n","protected":false},"author":12,"featured_media":0,"parent":0,"menu_order":0,"comment_status":"closed","ping_status":"closed","template":"page-no-siderbar.php","meta":{"_acf_changed":false,"footnotes":""},"class_list":["post-105","page","type-page","status-publish","hentry"],"acf":[],"_links":{"self":[{"href":"https:\/\/heritageclub.ca\/villemarie\/wp-json\/wp\/v2\/pages\/105","targetHints":{"allow":["GET"]}}],"collection":[{"href":"https:\/\/heritageclub.ca\/villemarie\/wp-json\/wp\/v2\/pages"}],"about":[{"href":"https:\/\/heritageclub.ca\/villemarie\/wp-json\/wp\/v2\/types\/page"}],"author":[{"embeddable":true,"href":"https:\/\/heritageclub.ca\/villemarie\/wp-json\/wp\/v2\/users\/12"}],"replies":[{"embeddable":true,"href":"https:\/\/heritageclub.ca\/villemarie\/wp-json\/wp\/v2\/comments?post=105"}],"version-history":[{"count":68,"href":"https:\/\/heritageclub.ca\/villemarie\/wp-json\/wp\/v2\/pages\/105\/revisions"}],"predecessor-version":[{"id":8898,"href":"https:\/\/heritageclub.ca\/villemarie\/wp-json\/wp\/v2\/pages\/105\/revisions\/8898"}],"wp:attachment":[{"href":"https:\/\/heritageclub.ca\/villemarie\/wp-json\/wp\/v2\/media?parent=105"}],"curies":[{"name":"wp","href":"https:\/\/api.w.org\/{rel}","templated":true}]}}