{"id":103,"date":"2014-12-22T19:48:45","date_gmt":"2014-12-22T19:48:45","guid":{"rendered":"http:\/\/heritageclub.ca\/villemarie\/?page_id=103"},"modified":"2019-06-20T06:23:10","modified_gmt":"2019-06-20T11:23:10","slug":"executif-et-contact","status":"publish","type":"page","link":"https:\/\/heritageclub.ca\/villemarie\/executif-et-contact\/","title":{"rendered":"Ex\u00e9cutif et Contact"},"content":{"rendered":"<p><span style=\"color: #ff0000\"><strong>Votre comit\u00e9 se rencontre au local \u00a0tous les deux mardis de 09h30 \u00e0 12h00.<\/strong><\/span><\/p>\n<p><span style=\"color: #ff0000\"><strong>Vous pourrez laisser un message sur le r\u00e9pondeur. (514) 487-5679<\/strong><\/span><\/p>\n<p><b>Courriel du chapitre Ville-Marie :<\/b> <a href=\"mailto:villemarie@videotron.ca\">villemarie@videotron.ca<\/a><\/p>\n<h2 class=\"r\"><\/h2>\n<p>&nbsp;<\/p>\n<h2 class=\"r\">Pr\u00e9sident \u00a0: \u00a0 M.\u00a0<strong>Gilles Labine<\/strong><\/h2>\n<ul>\n<li>Responsable du bon fonctionnement du chapitre.<\/li>\n<\/ul>\n<p>R\u00e9daction du Journal Ville-Marie.<\/p>\n<p>Responsable des r\u00e9servations des restaurants et \u00a0confirmations aupr\u00e8s des restaurateurs du nombre de participants.<\/p>\n<p>&nbsp;<\/p>\n<h2 class=\"r\">1er Vice Pr\u00e9sident : \u00a0M. Andr\u00e9 B\u00e9tournay<strong><br \/>\n<\/strong><\/h2>\n<p>Responsabilit\u00e9s :<\/p>\n<p>Communications aux membres via courriel.<\/p>\n<p>R\u00e9cup\u00e9ration et distribution du courrier.<\/p>\n<p>Adh\u00e9sions, mise \u00e0 jour de la liste des membres.<\/p>\n<p>Liste des r\u00e9servations et \u00a0pr\u00e9sences aux d\u00eeners.<\/p>\n<p>&nbsp;<\/p>\n<h2 class=\"r\"><\/h2>\n<h2 class=\"r\">2i\u00e8me Vice Pr\u00e9sident : M. Robert Hamelin<\/h2>\n<p>Responsabilit\u00e9s :<\/p>\n<p>Responsable du site Web.<\/p>\n<p>Pr\u00e9paration pour l&rsquo;exp\u00e9dition du Journal du Chapitre Ville-Marie.<\/p>\n<p>Distribution des billets de pr\u00e9sence aux d\u00eeners.<\/p>\n<p>Recherches des commanditaires pour nos d\u00eeners et activit\u00e9s<\/p>\n<p>&nbsp;<\/p>\n<h2 class=\"r\">Tr\u00e9sori\u00e8re : \u00a0Mme Monique Choquette<\/h2>\n<p>Responsable de la tenue de livre et des achats.<\/p>\n<p><strong>\u00a0<\/strong><\/p>\n<h2 class=\"r\">Secr\u00e9taire \u00a0: \u00a0Mme Francine Daigneault<\/h2>\n<p>Responsable de la r\u00e9daction des cartes de membre.<\/p>\n<p>Tenue du livre du chapitre.<\/p>\n<p><strong>\u00a0<\/strong><\/p>\n<h2>Voyages et Activit\u00e9s : \u00a0Mme Louise Dubuc<\/h2>\n<p>Responsable de l&rsquo;organisation des voyages et activit\u00e9s pour le chapitre Ville-Marie.<\/p>\n<p>&nbsp;<\/p>\n","protected":false},"excerpt":{"rendered":"<p>Votre comit\u00e9 se rencontre au local \u00a0tous les deux mardis de 09h30 \u00e0 12h00. Vous pourrez laisser un message sur le r\u00e9pondeur. (514) 487-5679 Courriel du chapitre Ville-Marie : villemarie@videotron.ca &nbsp; Pr\u00e9sident \u00a0: \u00a0 M.\u00a0Gilles Labine Responsable du bon fonctionnement du chapitre. R\u00e9daction du Journal Ville-Marie. Responsable des r\u00e9servations des restaurants et \u00a0confirmations aupr\u00e8s des&#8230;  <a class=\"excerpt-read-more\" href=\"https:\/\/heritageclub.ca\/villemarie\/executif-et-contact\/\" title=\"Read Ex\u00e9cutif et Contact\">Lire la suite &raquo;<\/a><\/p>\n","protected":false},"author":12,"featured_media":0,"parent":0,"menu_order":0,"comment_status":"closed","ping_status":"closed","template":"page-no-siderbar.php","meta":{"_acf_changed":false,"footnotes":""},"class_list":["post-103","page","type-page","status-publish","hentry"],"acf":[],"_links":{"self":[{"href":"https:\/\/heritageclub.ca\/villemarie\/wp-json\/wp\/v2\/pages\/103","targetHints":{"allow":["GET"]}}],"collection":[{"href":"https:\/\/heritageclub.ca\/villemarie\/wp-json\/wp\/v2\/pages"}],"about":[{"href":"https:\/\/heritageclub.ca\/villemarie\/wp-json\/wp\/v2\/types\/page"}],"author":[{"embeddable":true,"href":"https:\/\/heritageclub.ca\/villemarie\/wp-json\/wp\/v2\/users\/12"}],"replies":[{"embeddable":true,"href":"https:\/\/heritageclub.ca\/villemarie\/wp-json\/wp\/v2\/comments?post=103"}],"version-history":[{"count":98,"href":"https:\/\/heritageclub.ca\/villemarie\/wp-json\/wp\/v2\/pages\/103\/revisions"}],"predecessor-version":[{"id":8224,"href":"https:\/\/heritageclub.ca\/villemarie\/wp-json\/wp\/v2\/pages\/103\/revisions\/8224"}],"wp:attachment":[{"href":"https:\/\/heritageclub.ca\/villemarie\/wp-json\/wp\/v2\/media?parent=103"}],"curies":[{"name":"wp","href":"https:\/\/api.w.org\/{rel}","templated":true}]}}