{"id":11593,"date":"2019-11-14T14:39:02","date_gmt":"2019-11-14T19:39:02","guid":{"rendered":"http:\/\/heritageclub.ca\/richelieu\/?page_id=11593"},"modified":"2021-03-09T13:11:14","modified_gmt":"2021-03-09T18:11:14","slug":"novembre-2019-portovino-du-dix30","status":"publish","type":"page","link":"https:\/\/heritageclub.ca\/richelieu\/novembre-2019-portovino-du-dix30\/","title":{"rendered":"Novembre 2019 \u2014 Portovino"},"content":{"rendered":"<table width=\"100%\" align=\"center\">\n<tbody>\n<tr>\n<td align=\"center\"><img decoding=\"async\" src=\"https:\/\/heritageclub.ca\/richelieu\/wp-content\/uploads\/sites\/16\/2021\/03\/Portovino-600x352-1.jpg\" alt=\"Portovino-600x352\" width=\"75%\" class=\"alignnone size-full wp-image-15806\"><\/p>\n<p><a href=\"https:\/\/heritageclub.ca\/richelieu\/fr\/lieu\/restaurant-portovino\/\" target=\"_blank\" rel=\"noopener noreferrer\"><big>Restaurant Portovino au Quartier DIX30<\/big><br \/>\n8940, Boulevard Leduc #10, Brossard, QC. J4Y 0G4<\/a><\/p>\n<p>Il y avait 60 personnes pr\u00e9sentes.<\/td>\n<\/tr>\n<tr>\n<td align=\"center\"><img decoding=\"async\" src=\"https:\/\/heritageclub.ca\/richelieu\/wp-content\/uploads\/sites\/16\/2019\/11\/line-divider-estrellas.png\" alt=\"line-divider-estrellas\" width=\"80%\"><\/p>\n<h2><strong><em>Les photos<\/em><\/strong><\/h2>\n<p><img decoding=\"async\" class=\"\" src=\"https:\/\/heritageclub.ca\/richelieu\/wp-content\/uploads\/sites\/16\/2018\/10\/trans.gif\" alt=\"trans\" width=\"80%\" height=\"24\"><\/td>\n<\/tr>\n<\/tbody>\n<\/table>\n<p style=\"text-align: center\"><strong>(Cliquez sur l&rsquo;image pour l&rsquo;agrandir dans une autre fen\u00eatre)<\/strong><\/p>\n<ul class=\"wp-block-gallery columns-3 is-cropped\">\n<li class=\"blocks-gallery-item\">\n<figure><a href=\"https:\/\/heritageclub.ca\/richelieu\/wp-content\/uploads\/sites\/16\/2019\/11\/2019-11-13-NK7_4946.jpg\" target=\"_blank\" rel=\"noopener noreferrer\"><img decoding=\"async\" src=\"https:\/\/heritageclub.ca\/richelieu\/wp-content\/uploads\/sites\/16\/2019\/11\/2019-11-13-NK7_4946-300x186.jpg\" alt=\"2019-11-13-NK7_4946-300x186\" data-id=\"11571\" data-link=\"https:\/\/heritageclub.ca\/richelieu\/fr\/2019-11-13-nk7_4946\/\" class=\"wp-image-11571\"><\/a><figcaption>La table d&rsquo;accueil<\/figcaption><\/figure>\n<\/li>\n<li class=\"blocks-gallery-item\">\n<figure><a href=\"https:\/\/heritageclub.ca\/richelieu\/wp-content\/uploads\/sites\/16\/2019\/11\/2019-11-13-NK7_4944.jpg\" target=\"_blank\" rel=\"noopener noreferrer\"><img decoding=\"async\" src=\"https:\/\/heritageclub.ca\/richelieu\/wp-content\/uploads\/sites\/16\/2019\/11\/2019-11-13-NK7_4944-300x186.jpg\" alt=\"2019-11-13-NK7_4944-300x186\" data-id=\"11570\" data-link=\"https:\/\/heritageclub.ca\/richelieu\/fr\/2019-11-13-nk7_4944\/\" class=\"wp-image-11570\"><\/a><figcaption>La table pour les tirages<\/figcaption><\/figure>\n<\/li>\n<li class=\"blocks-gallery-item\">\n<figure><a href=\"https:\/\/heritageclub.ca\/richelieu\/wp-content\/uploads\/sites\/16\/2019\/11\/2019-11-13-NK7_4948.jpg\" target=\"_blank\" rel=\"noopener noreferrer\"><img decoding=\"async\" src=\"https:\/\/heritageclub.ca\/richelieu\/wp-content\/uploads\/sites\/16\/2019\/11\/2019-11-13-NK7_4948-300x203.jpg\" alt=\"2019-11-13-NK7_4948-300x203\" data-id=\"11572\" data-link=\"https:\/\/heritageclub.ca\/richelieu\/fr\/2019-11-13-nk7_4948\/\" class=\"wp-image-11572\"><\/a><\/figure>\n<\/li>\n<li class=\"blocks-gallery-item\">\n<figure><a href=\"https:\/\/heritageclub.ca\/richelieu\/wp-content\/uploads\/sites\/16\/2019\/11\/2019-11-13-NK7_4951.jpg\" target=\"_blank\" rel=\"noopener noreferrer\"><img decoding=\"async\" src=\"https:\/\/heritageclub.ca\/richelieu\/wp-content\/uploads\/sites\/16\/2019\/11\/2019-11-13-NK7_4951-300x187.jpg\" alt=\"2019-11-13-NK7_4951-300x187\" data-id=\"11575\" data-link=\"https:\/\/heritageclub.ca\/richelieu\/fr\/2019-11-13-nk7_4951\/\" class=\"wp-image-11575\"><\/a><\/figure>\n<\/li>\n<li class=\"blocks-gallery-item\">\n<figure><a href=\"https:\/\/heritageclub.ca\/richelieu\/wp-content\/uploads\/sites\/16\/2019\/11\/2019-11-13-NK7_4953.jpg\" target=\"_blank\" rel=\"noopener noreferrer\"><img decoding=\"async\" src=\"https:\/\/heritageclub.ca\/richelieu\/wp-content\/uploads\/sites\/16\/2019\/11\/2019-11-13-NK7_4953-300x198.jpg\" alt=\"2019-11-13-NK7_4953-300x198\" data-id=\"11577\" data-link=\"https:\/\/heritageclub.ca\/richelieu\/fr\/2019-11-13-nk7_4953\/\" class=\"wp-image-11577\"><\/a><\/figure>\n<\/li>\n<li class=\"blocks-gallery-item\">\n<figure><a href=\"https:\/\/heritageclub.ca\/richelieu\/wp-content\/uploads\/sites\/16\/2019\/11\/2019-11-13-NK7_4949.jpg\" target=\"_blank\" rel=\"noopener noreferrer\"><img decoding=\"async\" src=\"https:\/\/heritageclub.ca\/richelieu\/wp-content\/uploads\/sites\/16\/2019\/11\/2019-11-13-NK7_4949-300x197.jpg\" alt=\"2019-11-13-NK7_4949-300x197\" data-id=\"11573\" data-link=\"https:\/\/heritageclub.ca\/richelieu\/fr\/2019-11-13-nk7_4949\/\" class=\"wp-image-11573\"><\/a><\/figure>\n<\/li>\n<li class=\"blocks-gallery-item\">\n<figure><a href=\"https:\/\/heritageclub.ca\/richelieu\/wp-content\/uploads\/sites\/16\/2019\/11\/2019-11-13-NK7_4950.jpg\" target=\"_blank\" rel=\"noopener noreferrer\"><img decoding=\"async\" src=\"https:\/\/heritageclub.ca\/richelieu\/wp-content\/uploads\/sites\/16\/2019\/11\/2019-11-13-NK7_4950-300x197.jpg\" alt=\"2019-11-13-NK7_4950-300x197\" data-id=\"11574\" data-link=\"https:\/\/heritageclub.ca\/richelieu\/fr\/2019-11-13-nk7_4950\/\" class=\"wp-image-11574\"><\/a><\/figure>\n<\/li>\n<li class=\"blocks-gallery-item\">\n<figure><a href=\"https:\/\/heritageclub.ca\/richelieu\/wp-content\/uploads\/sites\/16\/2019\/11\/2019-11-13-NK7_4952.jpg\" target=\"_blank\" rel=\"noopener noreferrer\"><img decoding=\"async\" src=\"https:\/\/heritageclub.ca\/richelieu\/wp-content\/uploads\/sites\/16\/2019\/11\/2019-11-13-NK7_4952-300x188.jpg\" alt=\"2019-11-13-NK7_4952-300x188\" data-id=\"11576\" data-link=\"https:\/\/heritageclub.ca\/richelieu\/fr\/2019-11-13-nk7_4952\/\" class=\"wp-image-11576\"><\/a><\/figure>\n<\/li>\n<li class=\"blocks-gallery-item\">\n<figure><a href=\"https:\/\/heritageclub.ca\/richelieu\/wp-content\/uploads\/sites\/16\/2019\/11\/2019-11-13-NK7_4954.jpg\" target=\"_blank\" rel=\"noopener noreferrer\"><img decoding=\"async\" src=\"https:\/\/heritageclub.ca\/richelieu\/wp-content\/uploads\/sites\/16\/2019\/11\/2019-11-13-NK7_4954-300x182.jpg\" alt=\"2019-11-13-NK7_4954-300x182\" data-id=\"11578\" data-link=\"https:\/\/heritageclub.ca\/richelieu\/fr\/2019-11-13-nk7_4954\/\" class=\"wp-image-11578\"><\/a><\/figure>\n<\/li>\n<li class=\"blocks-gallery-item\">\n<figure><a href=\"https:\/\/heritageclub.ca\/richelieu\/wp-content\/uploads\/sites\/16\/2019\/11\/2019-11-13-NK7_4955.jpg\" target=\"_blank\" rel=\"noopener noreferrer\"><img decoding=\"async\" src=\"https:\/\/heritageclub.ca\/richelieu\/wp-content\/uploads\/sites\/16\/2019\/11\/2019-11-13-NK7_4955-300x191.jpg\" alt=\"2019-11-13-NK7_4955-300x191\" data-id=\"11579\" data-link=\"https:\/\/heritageclub.ca\/richelieu\/fr\/2019-11-13-nk7_4955\/\" class=\"wp-image-11579\"><\/a><\/figure>\n<\/li>\n<li class=\"blocks-gallery-item\">\n<figure><a href=\"https:\/\/heritageclub.ca\/richelieu\/wp-content\/uploads\/sites\/16\/2019\/11\/2019-11-13-NK7_4956.jpg\" target=\"_blank\" rel=\"noopener noreferrer\"><img decoding=\"async\" src=\"https:\/\/heritageclub.ca\/richelieu\/wp-content\/uploads\/sites\/16\/2019\/11\/2019-11-13-NK7_4956-300x187.jpg\" alt=\"2019-11-13-NK7_4956-300x187\" data-id=\"11580\" data-link=\"https:\/\/heritageclub.ca\/richelieu\/fr\/2019-11-13-nk7_4956\/\" class=\"wp-image-11580\"><\/a><\/figure>\n<\/li>\n<li class=\"blocks-gallery-item\">\n<figure><a href=\"https:\/\/heritageclub.ca\/richelieu\/wp-content\/uploads\/sites\/16\/2019\/11\/2019-11-13-NK7_4957.jpg\" target=\"_blank\" rel=\"noopener noreferrer\"><img decoding=\"async\" src=\"https:\/\/heritageclub.ca\/richelieu\/wp-content\/uploads\/sites\/16\/2019\/11\/2019-11-13-NK7_4957-300x200.jpg\" alt=\"2019-11-13-NK7_4957-300x200\" data-id=\"11581\" data-link=\"https:\/\/heritageclub.ca\/richelieu\/fr\/2019-11-13-nk7_4957\/\" class=\"wp-image-11581\"><\/a><\/figure>\n<\/li>\n<li class=\"blocks-gallery-item\">\n<figure><a href=\"https:\/\/heritageclub.ca\/richelieu\/wp-content\/uploads\/sites\/16\/2019\/11\/2019-11-13-NK7_4961.jpg\" target=\"_blank\" rel=\"noopener noreferrer\"><img decoding=\"async\" src=\"https:\/\/heritageclub.ca\/richelieu\/wp-content\/uploads\/sites\/16\/2019\/11\/2019-11-13-NK7_4961-300x190.jpg\" alt=\"2019-11-13-NK7_4961-300x190\" data-id=\"11585\" data-link=\"https:\/\/heritageclub.ca\/richelieu\/fr\/2019-11-13-nk7_4961\/\" class=\"wp-image-11585\"><\/a><\/figure>\n<\/li>\n<li class=\"blocks-gallery-item\">\n<figure><a href=\"https:\/\/heritageclub.ca\/richelieu\/wp-content\/uploads\/sites\/16\/2019\/11\/2019-11-13-NK7_4962.jpg\" target=\"_blank\" rel=\"noopener noreferrer\"><img decoding=\"async\" src=\"https:\/\/heritageclub.ca\/richelieu\/wp-content\/uploads\/sites\/16\/2019\/11\/2019-11-13-NK7_4962-300x199.jpg\" alt=\"2019-11-13-NK7_4962-300x199\" data-id=\"11586\" data-link=\"https:\/\/heritageclub.ca\/richelieu\/fr\/2019-11-13-nk7_4962\/\" class=\"wp-image-11586\"><\/a><\/figure>\n<\/li>\n<li class=\"blocks-gallery-item\">\n<figure><a href=\"https:\/\/heritageclub.ca\/richelieu\/wp-content\/uploads\/sites\/16\/2019\/11\/2019-11-13-NK7_4958.jpg\" target=\"_blank\" rel=\"noopener noreferrer\"><img decoding=\"async\" src=\"https:\/\/heritageclub.ca\/richelieu\/wp-content\/uploads\/sites\/16\/2019\/11\/2019-11-13-NK7_4958-300x213.jpg\" alt=\"2019-11-13-NK7_4958-300x213\" data-id=\"11582\" data-link=\"https:\/\/heritageclub.ca\/richelieu\/fr\/2019-11-13-nk7_4958\/\" class=\"wp-image-11582\"><\/a><figcaption>Gagnant d&rsquo;un tirage de $45<\/figcaption><\/figure>\n<\/li>\n<li class=\"blocks-gallery-item\">\n<figure><a href=\"https:\/\/heritageclub.ca\/richelieu\/wp-content\/uploads\/sites\/16\/2019\/11\/2019-11-13-NK7_4959.jpg\" target=\"_blank\" rel=\"noopener noreferrer\"><img decoding=\"async\" src=\"https:\/\/heritageclub.ca\/richelieu\/wp-content\/uploads\/sites\/16\/2019\/11\/2019-11-13-NK7_4959-300x195.jpg\" alt=\"2019-11-13-NK7_4959-300x195\" data-id=\"11583\" data-link=\"https:\/\/heritageclub.ca\/richelieu\/fr\/2019-11-13-nk7_4959\/\" class=\"wp-image-11583\"><\/a><figcaption>Gagnante d&rsquo;un tirage de $45<\/figcaption><\/figure>\n<\/li>\n<li class=\"blocks-gallery-item\">\n<figure><a href=\"https:\/\/heritageclub.ca\/richelieu\/wp-content\/uploads\/sites\/16\/2019\/11\/2019-11-13-NK7_4960.jpg\" target=\"_blank\" rel=\"noopener noreferrer\"><img decoding=\"async\" src=\"https:\/\/heritageclub.ca\/richelieu\/wp-content\/uploads\/sites\/16\/2019\/11\/2019-11-13-NK7_4960-300x200.jpg\" alt=\"2019-11-13-NK7_4960-300x200\" data-id=\"11584\" data-link=\"https:\/\/heritageclub.ca\/richelieu\/fr\/2019-11-13-nk7_4960\/\" class=\"wp-image-11584\"><\/a><\/figure>\n<\/li>\n<li class=\"blocks-gallery-item\">\n<figure><a href=\"https:\/\/heritageclub.ca\/richelieu\/wp-content\/uploads\/sites\/16\/2019\/11\/2019-11-13-NK7_4963.jpg\" target=\"_blank\" rel=\"noopener noreferrer\"><img decoding=\"async\" src=\"https:\/\/heritageclub.ca\/richelieu\/wp-content\/uploads\/sites\/16\/2019\/11\/2019-11-13-NK7_4963-300x200.jpg\" alt=\"2019-11-13-NK7_4963-300x200\" data-id=\"11587\" data-link=\"https:\/\/heritageclub.ca\/richelieu\/fr\/2019-11-13-nk7_4963\/\" class=\"wp-image-11587\"><\/a><figcaption>Gagnante d&rsquo;un des 4 certificats-cadeaux du restaurateur<\/figcaption><\/figure>\n<\/li>\n<li class=\"blocks-gallery-item\">\n<figure><a href=\"https:\/\/heritageclub.ca\/richelieu\/wp-content\/uploads\/sites\/16\/2019\/11\/2019-11-13-NK7_4964.jpg\" target=\"_blank\" rel=\"noopener noreferrer\"><img decoding=\"async\" src=\"https:\/\/heritageclub.ca\/richelieu\/wp-content\/uploads\/sites\/16\/2019\/11\/2019-11-13-NK7_4964-300x194.jpg\" alt=\"2019-11-13-NK7_4964-300x194\" data-id=\"11588\" data-link=\"https:\/\/heritageclub.ca\/richelieu\/fr\/2019-11-13-nk7_4964\/\" class=\"wp-image-11588\"><\/a><figcaption>Gagnant d&rsquo;un des 4 certificats-cadeaux du restaurateur<\/figcaption><\/figure>\n<\/li>\n<li class=\"blocks-gallery-item\">\n<figure><a href=\"https:\/\/heritageclub.ca\/richelieu\/wp-content\/uploads\/sites\/16\/2019\/11\/2019-11-13-NK7_4965.jpg\" target=\"_blank\" rel=\"noopener noreferrer\"><img decoding=\"async\" src=\"https:\/\/heritageclub.ca\/richelieu\/wp-content\/uploads\/sites\/16\/2019\/11\/2019-11-13-NK7_4965-300x206.jpg\" alt=\"2019-11-13-NK7_4965-300x206\" data-id=\"11589\" data-link=\"https:\/\/heritageclub.ca\/richelieu\/fr\/2019-11-13-nk7_4965\/\" class=\"wp-image-11589\"><\/a><figcaption>Gagnant d&rsquo;un des 4 certificats-cadeaux du restaurateur<\/figcaption><\/figure>\n<\/li>\n<li class=\"blocks-gallery-item\">\n<figure><a href=\"https:\/\/heritageclub.ca\/richelieu\/wp-content\/uploads\/sites\/16\/2019\/11\/2019-11-13-NK7_4966.jpg\" target=\"_blank\" rel=\"noopener noreferrer\"><img decoding=\"async\" src=\"https:\/\/heritageclub.ca\/richelieu\/wp-content\/uploads\/sites\/16\/2019\/11\/2019-11-13-NK7_4966-300x186.jpg\" alt=\"2019-11-13-NK7_4966-300x186\" data-id=\"11590\" data-link=\"https:\/\/heritageclub.ca\/richelieu\/fr\/2019-11-13-nk7_4966\/\" class=\"wp-image-11590\"><\/a><figcaption>Gagnant d&rsquo;un des 4 certificats-cadeaux du restaurateur<\/figcaption><\/figure>\n<\/li>\n<li class=\"blocks-gallery-item\">\n<figure><a href=\"https:\/\/heritageclub.ca\/richelieu\/wp-content\/uploads\/sites\/16\/2019\/11\/2019-11-13-NK7_4967.jpg\" target=\"_blank\" rel=\"noopener noreferrer\"><img decoding=\"async\" src=\"https:\/\/heritageclub.ca\/richelieu\/wp-content\/uploads\/sites\/16\/2019\/11\/2019-11-13-NK7_4967-300x200.jpg\" alt=\"2019-11-13-NK7_4967-300x200\" data-id=\"11591\" data-link=\"https:\/\/heritageclub.ca\/richelieu\/fr\/2019-11-13-nk7_4967\/\" class=\"wp-image-11591\"><\/a><figcaption>Notre pr\u00e9sident Ren\u00e9 Lareau parle aux membres<\/figcaption><\/figure>\n<\/li>\n<li class=\"blocks-gallery-item\">\n<figure><a href=\"https:\/\/heritageclub.ca\/richelieu\/wp-content\/uploads\/sites\/16\/2019\/11\/2019-11-13-NK7_4968.jpg\" target=\"_blank\" rel=\"noopener noreferrer\"><img decoding=\"async\" src=\"https:\/\/heritageclub.ca\/richelieu\/wp-content\/uploads\/sites\/16\/2019\/11\/2019-11-13-NK7_4968-300x188.jpg\" alt=\"2019-11-13-NK7_4968-300x188\" data-id=\"11592\" data-link=\"https:\/\/heritageclub.ca\/richelieu\/fr\/2019-11-13-nk7_4968\/\" class=\"wp-image-11592\"><\/a><\/figure>\n<\/li>\n<\/ul>\n<table width=\"100%\" align=\"center\">\n<tbody>\n<tr>\n<td align=\"center\">\n<hr>\n<p><span style=\"color: #808080\">R\u00e9f\u00e9rence du Bulletin Info-Richelieu \u00e0 venir<\/span><\/p>\n<hr>\n<h3><a href=\"https:\/\/heritageclub.ca\/richelieu\/fr\/contactez-nous\/\">Pour toute information ou commentaire, contactez-nous<\/a><\/h3>\n<\/td>\n<\/tr>\n<\/tbody>\n<\/table>\n","protected":false},"excerpt":{"rendered":"<p>Restaurant Portovino au Quartier DIX30 8940, Boulevard Leduc #10, Brossard, QC. J4Y 0G4 Il y avait 60 personnes pr\u00e9sentes. Les photos (Cliquez sur l&rsquo;image pour l&rsquo;agrandir dans une autre fen\u00eatre) La table d&rsquo;accueil La table pour les tirages Gagnant d&rsquo;un tirage de $45 Gagnante d&rsquo;un tirage de $45 Gagnante d&rsquo;un des 4 certificats-cadeaux du restaurateur&#8230;  <a class=\"excerpt-read-more\" href=\"https:\/\/heritageclub.ca\/richelieu\/novembre-2019-portovino-du-dix30\/\" title=\"Read Novembre 2019 \u2014 Portovino\">Lire la suite &raquo;<\/a><\/p>\n","protected":false},"author":12,"featured_media":0,"parent":0,"menu_order":0,"comment_status":"closed","ping_status":"closed","template":"page-fullwidth.php","meta":{"_acf_changed":false,"ngg_post_thumbnail":0,"footnotes":""},"class_list":["post-11593","page","type-page","status-publish","hentry"],"acf":[],"_links":{"self":[{"href":"https:\/\/heritageclub.ca\/richelieu\/wp-json\/wp\/v2\/pages\/11593","targetHints":{"allow":["GET"]}}],"collection":[{"href":"https:\/\/heritageclub.ca\/richelieu\/wp-json\/wp\/v2\/pages"}],"about":[{"href":"https:\/\/heritageclub.ca\/richelieu\/wp-json\/wp\/v2\/types\/page"}],"author":[{"embeddable":true,"href":"https:\/\/heritageclub.ca\/richelieu\/wp-json\/wp\/v2\/users\/12"}],"replies":[{"embeddable":true,"href":"https:\/\/heritageclub.ca\/richelieu\/wp-json\/wp\/v2\/comments?post=11593"}],"version-history":[{"count":59,"href":"https:\/\/heritageclub.ca\/richelieu\/wp-json\/wp\/v2\/pages\/11593\/revisions"}],"predecessor-version":[{"id":15807,"href":"https:\/\/heritageclub.ca\/richelieu\/wp-json\/wp\/v2\/pages\/11593\/revisions\/15807"}],"wp:attachment":[{"href":"https:\/\/heritageclub.ca\/richelieu\/wp-json\/wp\/v2\/media?parent=11593"}],"curies":[{"name":"wp","href":"https:\/\/api.w.org\/{rel}","templated":true}]}}