{"id":11221,"date":"2019-09-27T20:37:55","date_gmt":"2019-09-28T00:37:55","guid":{"rendered":"http:\/\/heritageclub.ca\/richelieu\/?page_id=11221"},"modified":"2021-03-09T12:27:49","modified_gmt":"2021-03-09T17:27:49","slug":"festival-western-st-tite-2019","status":"publish","type":"page","link":"https:\/\/heritageclub.ca\/richelieu\/festival-western-st-tite-2019\/","title":{"rendered":""},"content":{"rendered":"<table width=\"100%\" align=\"center\">\n<tbody>\n<tr>\n<td align=\"center\"><img decoding=\"async\" src=\"https:\/\/heritageclub.ca\/richelieu\/wp-content\/uploads\/sites\/16\/2019\/09\/Festival_western_de_St-Tite_Logo.png\" alt=\"Festival_western_de_St-Tite_Logo\" width=\"60%\" vspace=\"10\"><br \/>\n<a href=\"https:\/\/heritageclub.ca\/richelieu\/wp-content\/uploads\/sites\/16\/2019\/09\/Membres-du-festival.jpg\" target=\"_blank\" rel=\"noopener noreferrer\"><img decoding=\"async\" class=\"alignnone size-full wp-image-11366\" src=\"https:\/\/heritageclub.ca\/richelieu\/wp-content\/uploads\/sites\/16\/2019\/09\/Membres-du-festival.jpg\" alt=\"Membres-du-festival\" width=\"75%\" vspace=\"20\"><\/a><br \/>\nC\u2019est par une journ\u00e9e, d\u00e9butant par un temps gris et pluvieux, que s\u2019est amorc\u00e9e cette activit\u00e9 du samedi 14 septembre.<br \/>\nInitialement un d\u00e9part en Autocar de Longueuil \u00e0 7h15 vers la Gare Centrale de Montr\u00e9al, pour ensuite prendre le train pour un  trajet de trois heures jusqu\u2019\u00e0 la petite ville de St-Tite.<br \/>\nArriv\u00e9s sur place, un bel accueil \u00e9tait r\u00e9serv\u00e9 aux touristes festifs pour ce rendez-vous annuel. C\u2019est dans une ville compl\u00e8tement transform\u00e9e o\u00f9 se donnent rendez-vous des milliers de personnes, pendant 10 jours.<br \/>\nNos membres ont assist\u00e9 \u00e0 un spectacle enlevant avec une ambiance \u00e9lectrisante, m\u00eame si le temp\u00e9rature n\u2019\u00e9tait pas au rendez-vous. Certaines personnes sceptiques avant de vivre cette activit\u00e9s, sont revenues enchant\u00e9es par l\u2019exp\u00e9rience v\u00e9cue.<br \/>\nIl s\u2019agit d\u2019une sortie, qui a permis de vivre une exp\u00e9rience diff\u00e9rente, laquelle m\u00e9riterait d\u2019\u00eatre r\u00e9p\u00e9t\u00e9e dans les prochaines ann\u00e9es!<\/td>\n<\/tr>\n<tr>\n<td align=\"center\"><img decoding=\"async\" src=\"https:\/\/heritageclub.ca\/richelieu\/wp-content\/uploads\/sites\/16\/2019\/09\/footer-logo.png\" alt=\"footer-logo\" width=\"80%\" vspace=\"10\"><\/p>\n<h2><strong><em>Les photos<\/em><\/strong><\/h2>\n<p><img decoding=\"async\" class=\"\" src=\"https:\/\/heritageclub.ca\/richelieu\/wp-content\/uploads\/sites\/16\/2018\/10\/trans.gif\" alt=\"trans\" width=\"80%\" height=\"24\"><\/td>\n<\/tr>\n<\/tbody>\n<\/table>\n<p style=\"text-align: center\"><strong>(Cliquez sur l&rsquo;image pour l&rsquo;agrandir dans une autre fen\u00eatre)<\/strong><\/p>\n<ul class=\"wp-block-gallery columns-3 is-cropped\">\n<li class=\"blocks-gallery-item\">\n<figure><a href=\"https:\/\/heritageclub.ca\/richelieu\/wp-content\/uploads\/sites\/16\/2019\/09\/2019-09-14-123436.jpg\" target=\"_blank\" rel=\"noopener noreferrer\"><img decoding=\"async\" class=\"wp-image-11261\" src=\"https:\/\/heritageclub.ca\/richelieu\/wp-content\/uploads\/sites\/16\/2019\/09\/2019-09-14-123436-300x215.jpg\" alt=\"2019-09-14-123436-300x215\" data-id=\"11261\" data-link=\"https:\/\/heritageclub.ca\/richelieu\/fr\/2019-09-14-123436\/\"><\/a><\/figure>\n<\/li>\n<li class=\"blocks-gallery-item\">\n<figure><a href=\"https:\/\/heritageclub.ca\/richelieu\/wp-content\/uploads\/sites\/16\/2019\/09\/2019-09-14-134912.jpg\" target=\"_blank\" rel=\"noopener noreferrer\"><img decoding=\"async\" class=\"wp-image-11237\" src=\"https:\/\/heritageclub.ca\/richelieu\/wp-content\/uploads\/sites\/16\/2019\/09\/2019-09-14-134912-300x225.jpg\" alt=\"2019-09-14-134912-300x225\" data-id=\"11237\" data-link=\"https:\/\/heritageclub.ca\/richelieu\/fr\/2019-09-14-134912\/\"><\/a><\/figure>\n<\/li>\n<li class=\"blocks-gallery-item\">\n<figure><a href=\"https:\/\/heritageclub.ca\/richelieu\/wp-content\/uploads\/sites\/16\/2019\/09\/2019-09-14-133958.jpg\" target=\"_blank\" rel=\"noopener noreferrer\"><img decoding=\"async\" class=\"wp-image-11236\" src=\"https:\/\/heritageclub.ca\/richelieu\/wp-content\/uploads\/sites\/16\/2019\/09\/2019-09-14-133958-300x225.jpg\" alt=\"2019-09-14-133958-300x225\" data-id=\"11236\" data-link=\"https:\/\/heritageclub.ca\/richelieu\/fr\/2019-09-14-133958\/\"><\/a><\/figure>\n<\/li>\n<li class=\"blocks-gallery-item\">\n<figure><a href=\"https:\/\/heritageclub.ca\/richelieu\/wp-content\/uploads\/sites\/16\/2019\/09\/2019-09-14-123118.jpg\" target=\"_blank\" rel=\"noopener noreferrer\"><img decoding=\"async\" class=\"wp-image-11224\" src=\"https:\/\/heritageclub.ca\/richelieu\/wp-content\/uploads\/sites\/16\/2019\/09\/2019-09-14-123118-300x225.jpg\" alt=\"2019-09-14-123118-300x225\" data-id=\"11224\" data-link=\"https:\/\/heritageclub.ca\/richelieu\/fr\/2019-09-14-123118\/\"><\/a><\/figure>\n<\/li>\n<li class=\"blocks-gallery-item\">\n<figure><a href=\"https:\/\/heritageclub.ca\/richelieu\/wp-content\/uploads\/sites\/16\/2019\/09\/2019-09-14-123129.jpg\" target=\"_blank\" rel=\"noopener noreferrer\"><img decoding=\"async\" class=\"wp-image-11225\" src=\"https:\/\/heritageclub.ca\/richelieu\/wp-content\/uploads\/sites\/16\/2019\/09\/2019-09-14-123129-300x225.jpg\" alt=\"2019-09-14-123129-300x225\" data-id=\"11225\" data-link=\"https:\/\/heritageclub.ca\/richelieu\/fr\/2019-09-14-123129\/\"><\/a><\/figure>\n<\/li>\n<li class=\"blocks-gallery-item\">\n<figure><a href=\"https:\/\/heritageclub.ca\/richelieu\/wp-content\/uploads\/sites\/16\/2019\/09\/2019-09-14-130821.jpg\" target=\"_blank\" rel=\"noopener noreferrer\"><img decoding=\"async\" class=\"wp-image-11256\" src=\"https:\/\/heritageclub.ca\/richelieu\/wp-content\/uploads\/sites\/16\/2019\/09\/2019-09-14-130821-300x225.jpg\" alt=\"2019-09-14-130821-300x225\" data-id=\"11256\" data-link=\"https:\/\/heritageclub.ca\/richelieu\/fr\/2019-09-14-130821\/\"><\/a><\/figure>\n<\/li>\n<li class=\"blocks-gallery-item\">\n<figure><a href=\"https:\/\/heritageclub.ca\/richelieu\/wp-content\/uploads\/sites\/16\/2019\/09\/2019-09-14-132449.jpg\" target=\"_blank\" rel=\"noopener noreferrer\"><img decoding=\"async\" class=\"wp-image-11257\" src=\"https:\/\/heritageclub.ca\/richelieu\/wp-content\/uploads\/sites\/16\/2019\/09\/2019-09-14-132449-300x225.jpg\" alt=\"2019-09-14-132449-300x225\" data-id=\"11257\" data-link=\"https:\/\/heritageclub.ca\/richelieu\/fr\/2019-09-14-132449\/\"><\/a><\/figure>\n<\/li>\n<li class=\"blocks-gallery-item\">\n<figure><a href=\"https:\/\/heritageclub.ca\/richelieu\/wp-content\/uploads\/sites\/16\/2019\/09\/2019-09-14-133518.jpg\" target=\"_blank\" rel=\"noopener noreferrer\"><img decoding=\"async\" class=\"wp-image-11258\" src=\"https:\/\/heritageclub.ca\/richelieu\/wp-content\/uploads\/sites\/16\/2019\/09\/2019-09-14-133518-300x224.jpg\" alt=\"2019-09-14-133518-300x224\" data-id=\"11258\" data-link=\"https:\/\/heritageclub.ca\/richelieu\/fr\/2019-09-14-133518\/\"><\/a><\/figure>\n<\/li>\n<li class=\"blocks-gallery-item\">\n<figure><a href=\"https:\/\/heritageclub.ca\/richelieu\/wp-content\/uploads\/sites\/16\/2019\/09\/2019-09-14-135142.jpg\" target=\"_blank\" rel=\"noopener noreferrer\"><img decoding=\"async\" class=\"wp-image-11239\" src=\"https:\/\/heritageclub.ca\/richelieu\/wp-content\/uploads\/sites\/16\/2019\/09\/2019-09-14-135142-300x225.jpg\" alt=\"2019-09-14-135142-300x225\" data-id=\"11239\" data-link=\"https:\/\/heritageclub.ca\/richelieu\/fr\/2019-09-14-135142\/\"><\/a><\/figure>\n<\/li>\n<li class=\"blocks-gallery-item\">\n<figure><a href=\"https:\/\/heritageclub.ca\/richelieu\/wp-content\/uploads\/sites\/16\/2019\/09\/2019-09-14-133519.jpg\" target=\"_blank\" rel=\"noopener noreferrer\"><img decoding=\"async\" class=\"wp-image-11233\" src=\"https:\/\/heritageclub.ca\/richelieu\/wp-content\/uploads\/sites\/16\/2019\/09\/2019-09-14-133519-300x225.jpg\" alt=\"2019-09-14-133519-300x225\" data-id=\"11233\" data-link=\"https:\/\/heritageclub.ca\/richelieu\/fr\/2019-09-14-133519\/\"><\/a><\/figure>\n<\/li>\n<li class=\"blocks-gallery-item\">\n<figure><a href=\"https:\/\/heritageclub.ca\/richelieu\/wp-content\/uploads\/sites\/16\/2019\/09\/2019-09-14-133520-2.jpg\" target=\"_blank\" rel=\"noopener noreferrer\"><img decoding=\"async\" class=\"wp-image-11234\" src=\"https:\/\/heritageclub.ca\/richelieu\/wp-content\/uploads\/sites\/16\/2019\/09\/2019-09-14-133520-2-300x217.jpg\" alt=\"2019-09-14-133520-2-300x217\" data-id=\"11234\" data-link=\"https:\/\/heritageclub.ca\/richelieu\/fr\/2019-09-14-133520-2\/\"><\/a><\/figure>\n<\/li>\n<li class=\"blocks-gallery-item\">\n<figure><a href=\"https:\/\/heritageclub.ca\/richelieu\/wp-content\/uploads\/sites\/16\/2019\/09\/2019-09-14-134937.jpg\" target=\"_blank\" rel=\"noopener noreferrer\"><img decoding=\"async\" class=\"wp-image-11238\" src=\"https:\/\/heritageclub.ca\/richelieu\/wp-content\/uploads\/sites\/16\/2019\/09\/2019-09-14-134937-300x225.jpg\" alt=\"2019-09-14-134937-300x225\" data-id=\"11238\" data-link=\"https:\/\/heritageclub.ca\/richelieu\/fr\/2019-09-14-134937\/\"><\/a><\/figure>\n<\/li>\n<li class=\"blocks-gallery-item\">\n<figure><a href=\"https:\/\/heritageclub.ca\/richelieu\/wp-content\/uploads\/sites\/16\/2019\/09\/2019-09-14-135324.jpg\" target=\"_blank\" rel=\"noopener noreferrer\"><img decoding=\"async\" class=\"wp-image-11240\" src=\"https:\/\/heritageclub.ca\/richelieu\/wp-content\/uploads\/sites\/16\/2019\/09\/2019-09-14-135324-300x225.jpg\" alt=\"2019-09-14-135324-300x225\" data-id=\"11240\" data-link=\"https:\/\/heritageclub.ca\/richelieu\/fr\/2019-09-14-135324\/\"><\/a><\/figure>\n<\/li>\n<li class=\"blocks-gallery-item\">\n<figure><a href=\"https:\/\/heritageclub.ca\/richelieu\/wp-content\/uploads\/sites\/16\/2019\/09\/2019-09-14-140904.jpg\" target=\"_blank\" rel=\"noopener noreferrer\"><img decoding=\"async\" class=\"wp-image-11242\" src=\"https:\/\/heritageclub.ca\/richelieu\/wp-content\/uploads\/sites\/16\/2019\/09\/2019-09-14-140904-300x225.jpg\" alt=\"2019-09-14-140904-300x225\" data-id=\"11242\" data-link=\"https:\/\/heritageclub.ca\/richelieu\/fr\/2019-09-14-140904\/\"><\/a><\/figure>\n<\/li>\n<li class=\"blocks-gallery-item\">\n<figure><a href=\"https:\/\/heritageclub.ca\/richelieu\/wp-content\/uploads\/sites\/16\/2019\/09\/2019-09-14-140114.jpg\" target=\"_blank\" rel=\"noopener noreferrer\"><img decoding=\"async\" class=\"wp-image-11241\" src=\"https:\/\/heritageclub.ca\/richelieu\/wp-content\/uploads\/sites\/16\/2019\/09\/2019-09-14-140114-300x221.jpg\" alt=\"2019-09-14-140114-300x221\" data-id=\"11241\" data-link=\"https:\/\/heritageclub.ca\/richelieu\/fr\/2019-09-14-140114\/\"><\/a><\/figure>\n<\/li>\n<li class=\"blocks-gallery-item\">\n<figure><a href=\"https:\/\/heritageclub.ca\/richelieu\/wp-content\/uploads\/sites\/16\/2019\/09\/2019-09-14-141536.jpg\" target=\"_blank\" rel=\"noopener noreferrer\"><img decoding=\"async\" class=\"wp-image-11243\" src=\"https:\/\/heritageclub.ca\/richelieu\/wp-content\/uploads\/sites\/16\/2019\/09\/2019-09-14-141536-300x223.jpg\" alt=\"2019-09-14-141536-300x223\" data-id=\"11243\" data-link=\"https:\/\/heritageclub.ca\/richelieu\/fr\/2019-09-14-141536\/\"><\/a><\/figure>\n<\/li>\n<li class=\"blocks-gallery-item\">\n<figure><a href=\"https:\/\/heritageclub.ca\/richelieu\/wp-content\/uploads\/sites\/16\/2019\/09\/2019-09-14-141552.jpg\" target=\"_blank\" rel=\"noopener noreferrer\"><img decoding=\"async\" class=\"wp-image-11244\" src=\"https:\/\/heritageclub.ca\/richelieu\/wp-content\/uploads\/sites\/16\/2019\/09\/2019-09-14-141552-300x216.jpg\" alt=\"2019-09-14-141552-300x216\" data-id=\"11244\" data-link=\"https:\/\/heritageclub.ca\/richelieu\/fr\/2019-09-14-141552\/\"><\/a><\/figure>\n<\/li>\n<li class=\"blocks-gallery-item\">\n<figure><a href=\"https:\/\/heritageclub.ca\/richelieu\/wp-content\/uploads\/sites\/16\/2019\/09\/2019-09-14-145603.jpg\" target=\"_blank\" rel=\"noopener noreferrer\"><img decoding=\"async\" class=\"wp-image-11260\" src=\"https:\/\/heritageclub.ca\/richelieu\/wp-content\/uploads\/sites\/16\/2019\/09\/2019-09-14-145603-300x225.jpg\" alt=\"2019-09-14-145603-300x225\" data-id=\"11260\" data-link=\"https:\/\/heritageclub.ca\/richelieu\/fr\/2019-09-14-145603\/\"><\/a><\/figure>\n<\/li>\n<li class=\"blocks-gallery-item\">\n<figure><a href=\"https:\/\/heritageclub.ca\/richelieu\/wp-content\/uploads\/sites\/16\/2019\/09\/2019-09-14-145606.jpg\" target=\"_blank\" rel=\"noopener noreferrer\"><img decoding=\"async\" class=\"wp-image-11246\" src=\"https:\/\/heritageclub.ca\/richelieu\/wp-content\/uploads\/sites\/16\/2019\/09\/2019-09-14-145606-300x224.jpg\" alt=\"2019-09-14-145606-300x224\" data-id=\"11246\" data-link=\"https:\/\/heritageclub.ca\/richelieu\/fr\/2019-09-14-145606\/\"><\/a><\/figure>\n<\/li>\n<li class=\"blocks-gallery-item\">\n<figure><a href=\"https:\/\/heritageclub.ca\/richelieu\/wp-content\/uploads\/sites\/16\/2019\/09\/2019-09-14-150355.jpg\" target=\"_blank\" rel=\"noopener noreferrer\"><img decoding=\"async\" class=\"wp-image-11247\" src=\"https:\/\/heritageclub.ca\/richelieu\/wp-content\/uploads\/sites\/16\/2019\/09\/2019-09-14-150355-300x208.jpg\" alt=\"2019-09-14-150355-300x208\" data-id=\"11247\" data-link=\"https:\/\/heritageclub.ca\/richelieu\/fr\/2019-09-14-150355\/\"><\/a><\/figure>\n<\/li>\n<li class=\"blocks-gallery-item\">\n<figure><a href=\"https:\/\/heritageclub.ca\/richelieu\/wp-content\/uploads\/sites\/16\/2019\/09\/2019-09-14-150358.jpg\" target=\"_blank\" rel=\"noopener noreferrer\"><img decoding=\"async\" class=\"wp-image-11250\" src=\"https:\/\/heritageclub.ca\/richelieu\/wp-content\/uploads\/sites\/16\/2019\/09\/2019-09-14-150358-300x214.jpg\" alt=\"2019-09-14-150358-300x214\" data-id=\"11250\" data-link=\"https:\/\/heritageclub.ca\/richelieu\/fr\/2019-09-14-150358\/\"><\/a><\/figure>\n<\/li>\n<li class=\"blocks-gallery-item\">\n<figure><a href=\"https:\/\/heritageclub.ca\/richelieu\/wp-content\/uploads\/sites\/16\/2019\/09\/2019-09-14-150359.jpg\" target=\"_blank\" rel=\"noopener noreferrer\"><img decoding=\"async\" class=\"wp-image-11251\" src=\"https:\/\/heritageclub.ca\/richelieu\/wp-content\/uploads\/sites\/16\/2019\/09\/2019-09-14-150359-300x214.jpg\" alt=\"2019-09-14-150359-300x214\" data-id=\"11251\" data-link=\"https:\/\/heritageclub.ca\/richelieu\/fr\/2019-09-14-150359\/\"><\/a><\/figure>\n<\/li>\n<li class=\"blocks-gallery-item\">\n<figure><a href=\"https:\/\/heritageclub.ca\/richelieu\/wp-content\/uploads\/sites\/16\/2019\/09\/2019-09-14-150357_1.jpg\" target=\"_blank\" rel=\"noopener noreferrer\"><img decoding=\"async\" class=\"wp-image-11249\" src=\"https:\/\/heritageclub.ca\/richelieu\/wp-content\/uploads\/sites\/16\/2019\/09\/2019-09-14-150357_1-300x212.jpg\" alt=\"2019-09-14-150357_1-300x212\" data-id=\"11249\" data-link=\"https:\/\/heritageclub.ca\/richelieu\/fr\/2019-09-14-150357_1\/\"><\/a><\/figure>\n<\/li>\n<li class=\"blocks-gallery-item\">\n<figure><a href=\"https:\/\/heritageclub.ca\/richelieu\/wp-content\/uploads\/sites\/16\/2019\/09\/2019-09-14-150357.jpg\" target=\"_blank\" rel=\"noopener noreferrer\"><img decoding=\"async\" class=\"wp-image-11248\" src=\"https:\/\/heritageclub.ca\/richelieu\/wp-content\/uploads\/sites\/16\/2019\/09\/2019-09-14-150357-300x216.jpg\" alt=\"2019-09-14-150357-300x216\" data-id=\"11248\" data-link=\"https:\/\/heritageclub.ca\/richelieu\/fr\/2019-09-14-150357\/\"><\/a><\/figure>\n<\/li>\n<li class=\"blocks-gallery-item\">\n<figure><a href=\"https:\/\/heritageclub.ca\/richelieu\/wp-content\/uploads\/sites\/16\/2019\/09\/2019-09-14-171702.jpg\" target=\"_blank\" rel=\"noopener noreferrer\"><img decoding=\"async\" class=\"wp-image-11252\" src=\"https:\/\/heritageclub.ca\/richelieu\/wp-content\/uploads\/sites\/16\/2019\/09\/2019-09-14-171702-300x225.jpg\" alt=\"2019-09-14-171702-300x225\" data-id=\"11252\" data-link=\"https:\/\/heritageclub.ca\/richelieu\/fr\/2019-09-14-171702\/\"><\/a><\/figure>\n<\/li>\n<li class=\"blocks-gallery-item\">\n<figure><a href=\"https:\/\/heritageclub.ca\/richelieu\/wp-content\/uploads\/sites\/16\/2019\/09\/2019-09-14-171710.jpg\" target=\"_blank\" rel=\"noopener noreferrer\"><img decoding=\"async\" class=\"wp-image-11253\" src=\"https:\/\/heritageclub.ca\/richelieu\/wp-content\/uploads\/sites\/16\/2019\/09\/2019-09-14-171710-300x220.jpg\" alt=\"2019-09-14-171710-300x220\" data-id=\"11253\" data-link=\"https:\/\/heritageclub.ca\/richelieu\/fr\/2019-09-14-171710\/\"><\/a><\/figure>\n<\/li>\n<\/ul>\n<table width=\"100%\" align=\"center\">\n<tbody>\n<tr>\n<td align=\"center\">\n<hr>\n<p><span style=\"color: #808080\">R\u00e9f\u00e9rence du Bulletin Info-Richelieu \u00e0 venir<\/span><\/p>\n<hr>\n<h3><a href=\"https:\/\/heritageclub.ca\/richelieu\/fr\/contactez-nous\/\">Pour toute information ou commentaire, contactez-nous<\/a><\/h3>\n<\/td>\n<\/tr>\n<\/tbody>\n<\/table>\n","protected":false},"excerpt":{"rendered":"<p>C\u2019est par une journ\u00e9e, d\u00e9butant par un temps gris et pluvieux, que s\u2019est amorc\u00e9e cette activit\u00e9 du samedi 14 septembre. Initialement un d\u00e9part en Autocar de Longueuil \u00e0 7h15 vers la Gare Centrale de Montr\u00e9al, pour ensuite prendre le train pour un trajet de trois heures jusqu\u2019\u00e0 la petite ville de St-Tite. Arriv\u00e9s sur place,&#8230;  <a class=\"excerpt-read-more\" href=\"https:\/\/heritageclub.ca\/richelieu\/festival-western-st-tite-2019\/\" title=\"Read \">Lire la suite &raquo;<\/a><\/p>\n","protected":false},"author":12,"featured_media":0,"parent":0,"menu_order":0,"comment_status":"closed","ping_status":"closed","template":"page-fullwidth.php","meta":{"_acf_changed":false,"ngg_post_thumbnail":0,"footnotes":""},"class_list":["post-11221","page","type-page","status-publish","hentry"],"acf":[],"_links":{"self":[{"href":"https:\/\/heritageclub.ca\/richelieu\/wp-json\/wp\/v2\/pages\/11221","targetHints":{"allow":["GET"]}}],"collection":[{"href":"https:\/\/heritageclub.ca\/richelieu\/wp-json\/wp\/v2\/pages"}],"about":[{"href":"https:\/\/heritageclub.ca\/richelieu\/wp-json\/wp\/v2\/types\/page"}],"author":[{"embeddable":true,"href":"https:\/\/heritageclub.ca\/richelieu\/wp-json\/wp\/v2\/users\/12"}],"replies":[{"embeddable":true,"href":"https:\/\/heritageclub.ca\/richelieu\/wp-json\/wp\/v2\/comments?post=11221"}],"version-history":[{"count":106,"href":"https:\/\/heritageclub.ca\/richelieu\/wp-json\/wp\/v2\/pages\/11221\/revisions"}],"predecessor-version":[{"id":15795,"href":"https:\/\/heritageclub.ca\/richelieu\/wp-json\/wp\/v2\/pages\/11221\/revisions\/15795"}],"wp:attachment":[{"href":"https:\/\/heritageclub.ca\/richelieu\/wp-json\/wp\/v2\/media?parent=11221"}],"curies":[{"name":"wp","href":"https:\/\/api.w.org\/{rel}","templated":true}]}}