{"id":10612,"date":"2019-07-16T18:46:29","date_gmt":"2019-07-16T22:46:29","guid":{"rendered":"http:\/\/heritageclub.ca\/richelieu\/?page_id=10612"},"modified":"2021-03-09T13:19:16","modified_gmt":"2021-03-09T18:19:16","slug":"juillet-2019-les-glaces","status":"publish","type":"page","link":"https:\/\/heritageclub.ca\/richelieu\/juillet-2019-les-glaces\/","title":{"rendered":"Juillet 2019 \u2014 Les Glaces"},"content":{"rendered":"<table width=\"100%\" align=\"center\">\n<tbody>\n<tr>\n<td align=\"center\"><img decoding=\"async\" class=\"alignnone size-full wp-image-15817\" src=\"https:\/\/heritageclub.ca\/richelieu\/wp-content\/uploads\/sites\/16\/2021\/03\/Les-glaces.jpg\" alt=\"Les-glaces\" width=\"75%\"><\/p>\n<p><a href=\"https:\/\/heritageclub.ca\/richelieu\/fr\/lieu\/restaurant-les-glaces\/\" target=\"_blank\" rel=\"noopener noreferrer\"><big>Restaurant Les Glaces<\/big><br \/>\n665, 1<sup>re<\/sup> Rue, Saint-Jean-sur-Richelieu (Iberville), QC. J2X 3B9<\/a><\/p>\n<p>Il y avait 50 personnes pr\u00e9sentes.<br \/>\nCe f\u00fbt un grand succ\u00e8s pour une premi\u00e8re fois \u00e0 ce restaurant.<br \/>\nUn tirage d&rsquo;un coupon cadeau d&rsquo;une valeur de $25 par le restaurateur.<\/td>\n<\/tr>\n<tr>\n<td align=\"center\"><img decoding=\"async\" src=\"https:\/\/heritageclub.ca\/richelieu\/wp-content\/uploads\/sites\/16\/2019\/11\/line-divider-estrellas.png\" alt=\"line-divider-estrellas\" width=\"80%\"><\/p>\n<h2><strong><em>Les photos<\/em><\/strong><\/h2>\n<p><img decoding=\"async\" class=\"\" src=\"https:\/\/heritageclub.ca\/richelieu\/wp-content\/uploads\/sites\/16\/2018\/10\/trans.gif\" alt=\"trans\" width=\"80%\" height=\"24\"><\/td>\n<\/tr>\n<\/tbody>\n<\/table>\n<p style=\"text-align: center\"><strong>(Cliquez sur l&rsquo;image pour l&rsquo;agrandir dans une autre fen\u00eatre)<\/strong><\/p>\n<ul class=\"wp-block-gallery columns-3 is-cropped\">\n<li class=\"blocks-gallery-item\">\n<figure><a href=\"https:\/\/heritageclub.ca\/richelieu\/wp-content\/uploads\/sites\/16\/2019\/07\/2019-07-10-4014.jpg\" target=\"_blank\" rel=\"noopener noreferrer\"><img decoding=\"async\" src=\"https:\/\/heritageclub.ca\/richelieu\/wp-content\/uploads\/sites\/16\/2019\/07\/2019-07-10-4014-300x225.jpg\" alt=\"2019-07-10-4014-300x225\" data-id=\"10589\" data-link=\"https:\/\/heritageclub.ca\/richelieu\/fr\/2019-07-10-4014\/\" class=\"wp-image-10589\"><\/a><\/figure>\n<\/li>\n<li class=\"blocks-gallery-item\">\n<figure><a href=\"https:\/\/heritageclub.ca\/richelieu\/wp-content\/uploads\/sites\/16\/2019\/07\/2019-07-10-4016.jpg\" target=\"_blank\" rel=\"noopener noreferrer\"><img decoding=\"async\" src=\"https:\/\/heritageclub.ca\/richelieu\/wp-content\/uploads\/sites\/16\/2019\/07\/2019-07-10-4016-300x225.jpg\" alt=\"2019-07-10-4016-300x225\" data-id=\"10590\" data-link=\"https:\/\/heritageclub.ca\/richelieu\/fr\/2019-07-10-4016\/\" class=\"wp-image-10590\"><\/a><\/figure>\n<\/li>\n<li class=\"blocks-gallery-item\">\n<figure><a href=\"https:\/\/heritageclub.ca\/richelieu\/wp-content\/uploads\/sites\/16\/2019\/07\/2019-07-10-4018.jpg\" target=\"_blank\" rel=\"noopener noreferrer\"><img decoding=\"async\" src=\"https:\/\/heritageclub.ca\/richelieu\/wp-content\/uploads\/sites\/16\/2019\/07\/2019-07-10-4018-300x225.jpg\" alt=\"2019-07-10-4018-300x225\" data-id=\"10591\" data-link=\"https:\/\/heritageclub.ca\/richelieu\/fr\/2019-07-10-4018\/\" class=\"wp-image-10591\"><\/a><\/figure>\n<\/li>\n<li class=\"blocks-gallery-item\">\n<figure><a href=\"https:\/\/heritageclub.ca\/richelieu\/wp-content\/uploads\/sites\/16\/2019\/07\/2019-07-10-4020.jpg\" target=\"_blank\" rel=\"noopener noreferrer\"><img decoding=\"async\" src=\"https:\/\/heritageclub.ca\/richelieu\/wp-content\/uploads\/sites\/16\/2019\/07\/2019-07-10-4020-300x219.jpg\" alt=\"2019-07-10-4020-300x219\" data-id=\"10592\" data-link=\"https:\/\/heritageclub.ca\/richelieu\/fr\/2019-07-10-4020\/\" class=\"wp-image-10592\"><\/a><\/figure>\n<\/li>\n<li class=\"blocks-gallery-item\">\n<figure><a href=\"https:\/\/heritageclub.ca\/richelieu\/wp-content\/uploads\/sites\/16\/2019\/07\/2019-07-10-4022.jpg\" target=\"_blank\" rel=\"noopener noreferrer\"><img decoding=\"async\" src=\"https:\/\/heritageclub.ca\/richelieu\/wp-content\/uploads\/sites\/16\/2019\/07\/2019-07-10-4022-300x225.jpg\" alt=\"2019-07-10-4022-300x225\" data-id=\"10593\" data-link=\"https:\/\/heritageclub.ca\/richelieu\/fr\/2019-07-10-4022\/\" class=\"wp-image-10593\"><\/a><\/figure>\n<\/li>\n<li class=\"blocks-gallery-item\">\n<figure><a href=\"https:\/\/heritageclub.ca\/richelieu\/wp-content\/uploads\/sites\/16\/2019\/07\/2019-07-10-4024.jpg\" target=\"_blank\" rel=\"noopener noreferrer\"><img decoding=\"async\" src=\"https:\/\/heritageclub.ca\/richelieu\/wp-content\/uploads\/sites\/16\/2019\/07\/2019-07-10-4024-300x225.jpg\" alt=\"2019-07-10-4024-300x225\" data-id=\"10609\" data-link=\"https:\/\/heritageclub.ca\/richelieu\/fr\/2019-07-10-4024\/\" class=\"wp-image-10609\"><\/a><\/figure>\n<\/li>\n<li class=\"blocks-gallery-item\">\n<figure><a href=\"https:\/\/heritageclub.ca\/richelieu\/wp-content\/uploads\/sites\/16\/2019\/07\/2019-07-10-4026.jpg\" target=\"_blank\" rel=\"noopener noreferrer\"><img decoding=\"async\" src=\"https:\/\/heritageclub.ca\/richelieu\/wp-content\/uploads\/sites\/16\/2019\/07\/2019-07-10-4026-300x225.jpg\" alt=\"2019-07-10-4026-300x225\" data-id=\"10595\" data-link=\"https:\/\/heritageclub.ca\/richelieu\/fr\/2019-07-10-4026\/\" class=\"wp-image-10595\"><\/a><\/figure>\n<\/li>\n<li class=\"blocks-gallery-item\">\n<figure><a href=\"https:\/\/heritageclub.ca\/richelieu\/wp-content\/uploads\/sites\/16\/2019\/07\/2019-07-10-4028.jpg\" target=\"_blank\" rel=\"noopener noreferrer\"><img decoding=\"async\" src=\"https:\/\/heritageclub.ca\/richelieu\/wp-content\/uploads\/sites\/16\/2019\/07\/2019-07-10-4028-300x225.jpg\" alt=\"2019-07-10-4028-300x225\" data-id=\"10596\" data-link=\"https:\/\/heritageclub.ca\/richelieu\/fr\/2019-07-10-4028\/\" class=\"wp-image-10596\"><\/a><\/figure>\n<\/li>\n<li class=\"blocks-gallery-item\">\n<figure><a href=\"https:\/\/heritageclub.ca\/richelieu\/wp-content\/uploads\/sites\/16\/2019\/07\/2019-07-10-4030.jpg\" target=\"_blank\" rel=\"noopener noreferrer\"><img decoding=\"async\" src=\"https:\/\/heritageclub.ca\/richelieu\/wp-content\/uploads\/sites\/16\/2019\/07\/2019-07-10-4030-300x225.jpg\" alt=\"2019-07-10-4030-300x225\" data-id=\"10597\" data-link=\"https:\/\/heritageclub.ca\/richelieu\/fr\/2019-07-10-4030\/\" class=\"wp-image-10597\"><\/a><\/figure>\n<\/li>\n<li class=\"blocks-gallery-item\">\n<figure><a href=\"https:\/\/heritageclub.ca\/richelieu\/wp-content\/uploads\/sites\/16\/2019\/07\/2019-07-10-4032.jpg\" target=\"_blank\" rel=\"noopener noreferrer\"><img decoding=\"async\" src=\"https:\/\/heritageclub.ca\/richelieu\/wp-content\/uploads\/sites\/16\/2019\/07\/2019-07-10-4032-300x222.jpg\" alt=\"2019-07-10-4032-300x222\" data-id=\"10598\" data-link=\"https:\/\/heritageclub.ca\/richelieu\/fr\/2019-07-10-4032\/\" class=\"wp-image-10598\"><\/a><\/figure>\n<\/li>\n<li class=\"blocks-gallery-item\">\n<figure><a href=\"https:\/\/heritageclub.ca\/richelieu\/wp-content\/uploads\/sites\/16\/2019\/07\/2019-07-10-4034.jpg\" target=\"_blank\" rel=\"noopener noreferrer\"><img decoding=\"async\" src=\"https:\/\/heritageclub.ca\/richelieu\/wp-content\/uploads\/sites\/16\/2019\/07\/2019-07-10-4034-300x225.jpg\" alt=\"2019-07-10-4034-300x225\" data-id=\"10599\" data-link=\"https:\/\/heritageclub.ca\/richelieu\/fr\/2019-07-10-4034\/\" class=\"wp-image-10599\"><\/a><\/figure>\n<\/li>\n<li class=\"blocks-gallery-item\">\n<figure><a href=\"https:\/\/heritageclub.ca\/richelieu\/wp-content\/uploads\/sites\/16\/2019\/07\/2019-07-10-4036.jpg\" target=\"_blank\" rel=\"noopener noreferrer\"><img decoding=\"async\" src=\"https:\/\/heritageclub.ca\/richelieu\/wp-content\/uploads\/sites\/16\/2019\/07\/2019-07-10-4036-300x225.jpg\" alt=\"2019-07-10-4036-300x225\" data-id=\"10607\" data-link=\"https:\/\/heritageclub.ca\/richelieu\/fr\/2019-07-10-4036\/\" class=\"wp-image-10607\"><\/a><\/figure>\n<\/li>\n<li class=\"blocks-gallery-item\">\n<figure><a href=\"https:\/\/heritageclub.ca\/richelieu\/wp-content\/uploads\/sites\/16\/2019\/07\/2019-07-10-4038.jpg\" target=\"_blank\" rel=\"noopener noreferrer\"><img decoding=\"async\" src=\"https:\/\/heritageclub.ca\/richelieu\/wp-content\/uploads\/sites\/16\/2019\/07\/2019-07-10-4038-300x225.jpg\" alt=\"2019-07-10-4038-300x225\" data-id=\"10601\" data-link=\"https:\/\/heritageclub.ca\/richelieu\/fr\/2019-07-10-4038\/\" class=\"wp-image-10601\"><\/a><\/figure>\n<\/li>\n<li class=\"blocks-gallery-item\">\n<figure><a href=\"https:\/\/heritageclub.ca\/richelieu\/wp-content\/uploads\/sites\/16\/2019\/07\/2019-07-10-4042.jpg\" target=\"_blank\" rel=\"noopener noreferrer\"><img decoding=\"async\" src=\"https:\/\/heritageclub.ca\/richelieu\/wp-content\/uploads\/sites\/16\/2019\/07\/2019-07-10-4042-300x225.jpg\" alt=\"2019-07-10-4042-300x225\" data-id=\"10602\" data-link=\"https:\/\/heritageclub.ca\/richelieu\/fr\/2019-07-10-4042\/\" class=\"wp-image-10602\"><\/a><\/figure>\n<\/li>\n<li class=\"blocks-gallery-item\">\n<figure><a href=\"https:\/\/heritageclub.ca\/richelieu\/wp-content\/uploads\/sites\/16\/2019\/07\/2019-07-10-4044.jpg\" target=\"_blank\" rel=\"noopener noreferrer\"><img decoding=\"async\" src=\"https:\/\/heritageclub.ca\/richelieu\/wp-content\/uploads\/sites\/16\/2019\/07\/2019-07-10-4044-300x225.jpg\" alt=\"2019-07-10-4044-300x225\" data-id=\"10608\" data-link=\"https:\/\/heritageclub.ca\/richelieu\/fr\/2019-07-10-4044\/\" class=\"wp-image-10608\"><\/a><\/figure>\n<\/li>\n<li class=\"blocks-gallery-item\">\n<figure><a href=\"https:\/\/heritageclub.ca\/richelieu\/wp-content\/uploads\/sites\/16\/2019\/07\/2019-07-10-4046.jpg\" target=\"_blank\" rel=\"noopener noreferrer\"><img decoding=\"async\" src=\"https:\/\/heritageclub.ca\/richelieu\/wp-content\/uploads\/sites\/16\/2019\/07\/2019-07-10-4046-300x225.jpg\" alt=\"2019-07-10-4046-300x225\" data-id=\"10604\" data-link=\"https:\/\/heritageclub.ca\/richelieu\/fr\/2019-07-10-4046\/\" class=\"wp-image-10604\"><\/a><\/figure>\n<\/li>\n<li class=\"blocks-gallery-item\">\n<figure><a href=\"https:\/\/heritageclub.ca\/richelieu\/wp-content\/uploads\/sites\/16\/2019\/07\/2019-07-10-4048.jpg\" target=\"_blank\" rel=\"noopener noreferrer\"><img decoding=\"async\" src=\"https:\/\/heritageclub.ca\/richelieu\/wp-content\/uploads\/sites\/16\/2019\/07\/2019-07-10-4048-300x218.jpg\" alt=\"2019-07-10-4048-300x218\" data-id=\"10605\" data-link=\"https:\/\/heritageclub.ca\/richelieu\/fr\/2019-07-10-4048\/\" class=\"wp-image-10605\"><\/a><\/figure>\n<\/li>\n<\/ul>\n<table width=\"100%\" align=\"center\">\n<tbody>\n<tr>\n<td align=\"center\">\n<hr>\n<p><a href=\"https:\/\/heritageclub.ca\/richelieu\/wp-content\/uploads\/sites\/16\/2019\/08\/Bulletin_Info-Richelieu_vol-210_Septembre-Octobre_2019.pdf\" rel=\"noopener noreferrer\" target=\"_blank\"><span style=\"color: #999999\"><em>R\u00e9f\u00e9rence du d\u00eener du mois au restaurant Les Glaces en Juillet 2019<br \/>\ndans le Bulletin Info-Richelieu \u2014 Septembre\/Octobre 2019 (en format PDF)<\/em><\/span><\/a><\/p>\n<hr>\n<h3><a href=\"https:\/\/heritageclub.ca\/richelieu\/fr\/contactez-nous\/\">Pour toute information ou commentaire, contactez-nous<\/a><\/h3>\n<\/td>\n<\/tr>\n<\/tbody>\n<\/table>\n","protected":false},"excerpt":{"rendered":"<p>Restaurant Les Glaces 665, 1re Rue, Saint-Jean-sur-Richelieu (Iberville), QC. J2X 3B9 Il y avait 50 personnes pr\u00e9sentes. Ce f\u00fbt un grand succ\u00e8s pour une premi\u00e8re fois \u00e0 ce restaurant. Un tirage d&rsquo;un coupon cadeau d&rsquo;une valeur de $25 par le restaurateur. Les photos (Cliquez sur l&rsquo;image pour l&rsquo;agrandir dans une autre fen\u00eatre) R\u00e9f\u00e9rence du d\u00eener&#8230;  <a class=\"excerpt-read-more\" href=\"https:\/\/heritageclub.ca\/richelieu\/juillet-2019-les-glaces\/\" title=\"Read Juillet 2019 \u2014 Les Glaces\">Lire la suite &raquo;<\/a><\/p>\n","protected":false},"author":12,"featured_media":0,"parent":0,"menu_order":0,"comment_status":"closed","ping_status":"closed","template":"page-fullwidth.php","meta":{"_acf_changed":false,"ngg_post_thumbnail":0,"footnotes":""},"class_list":["post-10612","page","type-page","status-publish","hentry"],"acf":[],"_links":{"self":[{"href":"https:\/\/heritageclub.ca\/richelieu\/wp-json\/wp\/v2\/pages\/10612","targetHints":{"allow":["GET"]}}],"collection":[{"href":"https:\/\/heritageclub.ca\/richelieu\/wp-json\/wp\/v2\/pages"}],"about":[{"href":"https:\/\/heritageclub.ca\/richelieu\/wp-json\/wp\/v2\/types\/page"}],"author":[{"embeddable":true,"href":"https:\/\/heritageclub.ca\/richelieu\/wp-json\/wp\/v2\/users\/12"}],"replies":[{"embeddable":true,"href":"https:\/\/heritageclub.ca\/richelieu\/wp-json\/wp\/v2\/comments?post=10612"}],"version-history":[{"count":57,"href":"https:\/\/heritageclub.ca\/richelieu\/wp-json\/wp\/v2\/pages\/10612\/revisions"}],"predecessor-version":[{"id":15818,"href":"https:\/\/heritageclub.ca\/richelieu\/wp-json\/wp\/v2\/pages\/10612\/revisions\/15818"}],"wp:attachment":[{"href":"https:\/\/heritageclub.ca\/richelieu\/wp-json\/wp\/v2\/media?parent=10612"}],"curies":[{"name":"wp","href":"https:\/\/api.w.org\/{rel}","templated":true}]}}