{"id":101,"date":"2014-12-22T19:38:41","date_gmt":"2014-12-22T19:38:41","guid":{"rendered":"http:\/\/heritageclub.ca\/richelieu\/?page_id=101"},"modified":"2022-03-12T11:00:20","modified_gmt":"2022-03-12T16:00:20","slug":"membres-fondateurs","status":"publish","type":"page","link":"https:\/\/heritageclub.ca\/richelieu\/membres-fondateurs\/","title":{"rendered":"Membres Fondateurs"},"content":{"rendered":"<table width=\"100%\" cellspacing=\"20\">\n<tbody>\n<tr bgcolor=\"#F0F0F0\">\n<td>BEAUDET, Michel<img decoding=\"async\" src=\"https:\/\/heritageclub.ca\/richelieu\/wp-content\/uploads\/sites\/16\/2018\/10\/Croix.png\" hspace=\"8\" \/><\/td>\n<td>LANGLOIS, Jean-Jacques<\/td>\n<\/tr>\n<tr>\n<td>BENO\u00ceT, Paul-\u00c9mile<img decoding=\"async\" src=\"https:\/\/heritageclub.ca\/richelieu\/wp-content\/uploads\/sites\/16\/2018\/10\/Croix.png\" hspace=\"8\" \/><\/td>\n<td>LAUZON, Urgel<img decoding=\"async\" src=\"https:\/\/heritageclub.ca\/richelieu\/wp-content\/uploads\/sites\/16\/2018\/10\/Croix.png\" hspace=\"8\" \/><\/td>\n<\/tr>\n<tr bgcolor=\"#F0F0F0\">\n<td>CANSE, Raymond<img decoding=\"async\" src=\"https:\/\/heritageclub.ca\/richelieu\/wp-content\/uploads\/sites\/16\/2018\/10\/Croix.png\" hspace=\"8\" \/><\/td>\n<td>LAXTON, Albert<img decoding=\"async\" src=\"https:\/\/heritageclub.ca\/richelieu\/wp-content\/uploads\/sites\/16\/2018\/10\/Croix.png\" hspace=\"8\" \/><\/td>\n<\/tr>\n<tr>\n<td>CIRC\u00c9, Lucille<img decoding=\"async\" src=\"https:\/\/heritageclub.ca\/richelieu\/wp-content\/uploads\/sites\/16\/2018\/10\/Croix.png\" hspace=\"8\" \/><\/td>\n<td>MEUNIER, Gaston<img decoding=\"async\" src=\"https:\/\/heritageclub.ca\/richelieu\/wp-content\/uploads\/sites\/16\/2018\/10\/Croix.png\" hspace=\"8\" \/><\/td>\n<\/tr>\n<tr bgcolor=\"#F0F0F0\">\n<td>CORNELLIER, Claude<img decoding=\"async\" src=\"https:\/\/heritageclub.ca\/richelieu\/wp-content\/uploads\/sites\/16\/2018\/10\/Croix.png\" hspace=\"8\" \/><\/td>\n<td>PAYETTE, Gilles<img decoding=\"async\" src=\"https:\/\/heritageclub.ca\/richelieu\/wp-content\/uploads\/sites\/16\/2018\/10\/Croix.png\" hspace=\"8\" \/><\/td>\n<\/tr>\n<tr>\n<td>FOURNIER, Andr\u00e9<\/td>\n<td>PETITCLERC, Jean-Guy<img decoding=\"async\" src=\"https:\/\/heritageclub.ca\/richelieu\/wp-content\/uploads\/sites\/16\/2018\/10\/Croix.png\" hspace=\"8\" \/><\/td>\n<\/tr>\n<tr bgcolor=\"#F0F0F0\">\n<td>GLOBENSKY, Jacques<\/td>\n<td>ROUSSEAU, Marthe<img decoding=\"async\" src=\"https:\/\/heritageclub.ca\/richelieu\/wp-content\/uploads\/sites\/16\/2018\/10\/Croix.png\" hspace=\"8\" \/><\/td>\n<\/tr>\n<tr>\n<td>LABELLE, L\u00e9o<img decoding=\"async\" src=\"https:\/\/heritageclub.ca\/richelieu\/wp-content\/uploads\/sites\/16\/2018\/10\/Croix.png\" hspace=\"8\" \/><\/td>\n<td>SIMON, \u00c9douard<img decoding=\"async\" src=\"https:\/\/heritageclub.ca\/richelieu\/wp-content\/uploads\/sites\/16\/2018\/10\/Croix.png\" hspace=\"8\" \/><\/td>\n<\/tr>\n<tr bgcolor=\"#F0F0F0\">\n<td>LABR\u00c8CHE, Roger<img decoding=\"async\" src=\"https:\/\/heritageclub.ca\/richelieu\/wp-content\/uploads\/sites\/16\/2018\/10\/Croix.png\" hspace=\"8\" \/><\/td>\n<td>ST-CYR, Laurent<img decoding=\"async\" src=\"https:\/\/heritageclub.ca\/richelieu\/wp-content\/uploads\/sites\/16\/2018\/10\/Croix.png\" hspace=\"8\" \/><\/td>\n<\/tr>\n<tr>\n<td>LAFRANCE, Berthold<\/td>\n<td>ST-PIERRE, C\u00e9cile<img decoding=\"async\" src=\"https:\/\/heritageclub.ca\/richelieu\/wp-content\/uploads\/sites\/16\/2018\/10\/Croix.png\" hspace=\"8\" \/><\/td>\n<\/tr>\n<tr bgcolor=\"#F0F0F0\">\n<td>LAFRANCE, Germain<img decoding=\"async\" src=\"https:\/\/heritageclub.ca\/richelieu\/wp-content\/uploads\/sites\/16\/2018\/10\/Croix.png\" hspace=\"8\" \/><\/td>\n<td><\/td>\n<\/tr>\n<\/tbody>\n<\/table>\n","protected":false},"excerpt":{"rendered":"<p>BEAUDET, Michel LANGLOIS, Jean-Jacques BENO\u00ceT, Paul-\u00c9mile LAUZON, Urgel CANSE, Raymond LAXTON, Albert CIRC\u00c9, Lucille MEUNIER, Gaston CORNELLIER, Claude PAYETTE, Gilles FOURNIER, Andr\u00e9 PETITCLERC, Jean-Guy GLOBENSKY, Jacques ROUSSEAU, Marthe LABELLE, L\u00e9o SIMON, \u00c9douard LABR\u00c8CHE, Roger ST-CYR, Laurent LAFRANCE, Berthold ST-PIERRE, C\u00e9cile LAFRANCE, Germain<\/p>\n","protected":false},"author":12,"featured_media":0,"parent":0,"menu_order":0,"comment_status":"closed","ping_status":"closed","template":"page-fullwidth.php","meta":{"_acf_changed":false,"ngg_post_thumbnail":0,"footnotes":""},"class_list":["post-101","page","type-page","status-publish","hentry"],"acf":[],"_links":{"self":[{"href":"https:\/\/heritageclub.ca\/richelieu\/wp-json\/wp\/v2\/pages\/101","targetHints":{"allow":["GET"]}}],"collection":[{"href":"https:\/\/heritageclub.ca\/richelieu\/wp-json\/wp\/v2\/pages"}],"about":[{"href":"https:\/\/heritageclub.ca\/richelieu\/wp-json\/wp\/v2\/types\/page"}],"author":[{"embeddable":true,"href":"https:\/\/heritageclub.ca\/richelieu\/wp-json\/wp\/v2\/users\/12"}],"replies":[{"embeddable":true,"href":"https:\/\/heritageclub.ca\/richelieu\/wp-json\/wp\/v2\/comments?post=101"}],"version-history":[{"count":20,"href":"https:\/\/heritageclub.ca\/richelieu\/wp-json\/wp\/v2\/pages\/101\/revisions"}],"predecessor-version":[{"id":6847,"href":"https:\/\/heritageclub.ca\/richelieu\/wp-json\/wp\/v2\/pages\/101\/revisions\/6847"}],"wp:attachment":[{"href":"https:\/\/heritageclub.ca\/richelieu\/wp-json\/wp\/v2\/media?parent=101"}],"curies":[{"name":"wp","href":"https:\/\/api.w.org\/{rel}","templated":true}]}}