{"id":2392,"date":"2018-06-22T18:00:52","date_gmt":"2018-06-22T23:00:52","guid":{"rendered":"http:\/\/heritageclub.ca\/laurentideslanaudiere\/?page_id=2392"},"modified":"2020-04-29T11:57:12","modified_gmt":"2020-04-29T16:57:12","slug":"information-utile","status":"publish","type":"page","link":"https:\/\/heritageclub.ca\/laurentideslanaudiere\/information-utile\/","title":{"rendered":"NOUVELLES"},"content":{"rendered":"\n<h2 class=\"has-text-color has-text-align-center wp-block-heading\" style=\"color:#ff0004\">JOHNSON Assurance<\/h2>\n\n\n\n<div class=\"wp-block-file aligncenter\"><a href=\"https:\/\/heritageclub.ca\/laurentideslanaudiere\/wp-content\/uploads\/sites\/14\/2020\/04\/Affinity_emailFR.pdf\" target=\"_blank\" rel=\"noreferrer noopener\">Sp\u00e9cial Pand\u00e9mie !<\/a><a href=\"https:\/\/heritageclub.ca\/laurentideslanaudiere\/wp-content\/uploads\/sites\/14\/2020\/04\/Affinity_emailFR.pdf\" class=\"wp-block-file__button\" download>Download<\/a><\/div>\n\n\n\n<hr class=\"wp-block-separator\" \/>\n\n\n\n<h1 class=\"has-text-color has-text-align-center wp-block-heading\" style=\"color:#fd0000\">Hommage rendu \u00e0 notre secr\u00e9taire-tr\u00e9sorier :<\/h1>\n\n\n\n<h1 class=\"has-text-color has-text-align-center wp-block-heading\" style=\"color:#ff0000\">M. Ren\u00e9 Pinsonneault<\/h1>\n\n\n\n<div class=\"wp-block-image\"><figure class=\"aligncenter size-large is-resized\"><img loading=\"lazy\" decoding=\"async\" src=\"https:\/\/heritageclub.ca\/laurentideslanaudiere\/wp-content\/uploads\/sites\/14\/2020\/04\/Ren\u00e9001.jpg\" alt=\"\" class=\"wp-image-4935\" width=\"735\" height=\"414\" srcset=\"https:\/\/heritageclub.ca\/laurentideslanaudiere\/wp-content\/uploads\/sites\/14\/2020\/04\/Ren\u00e9001.jpg 735w, https:\/\/heritageclub.ca\/laurentideslanaudiere\/wp-content\/uploads\/sites\/14\/2020\/04\/Ren\u00e9001-300x169.jpg 300w\" sizes=\"auto, (max-width: 735px) 100vw, 735px\" \/><\/figure>\n\nF\u00e9licitations \u00e0 notre bien-aim\u00e9 tr\u00e9sorier r\u00e9cipiendaire de la M\u00e9daille du lieutenant-gouverneur pour les ain\u00e9s (argent). C\u2019est le conseil de ville de L\u2019Ile Perrot au complet et les employ\u00e9s qui ont fait cette demande aupr\u00e8s du Gouvernement pour son implication b\u00e9n\u00e9vole aupr\u00e8s de sa communaut\u00e9. (40 ans de b\u00e9n\u00e9volat)\n\n\n\n<hr class=\"wp-block-separator\" \/>\n\n\n\n<div class=\"wp-block-image\"><figure class=\"aligncenter size-large is-resized\"><img loading=\"lazy\" decoding=\"async\" src=\"https:\/\/heritageclub.ca\/laurentideslanaudiere\/wp-content\/uploads\/sites\/14\/2020\/04\/Ren\u00e9002.jpg\" alt=\"\" class=\"wp-image-4933\" width=\"520\" height=\"642\" srcset=\"https:\/\/heritageclub.ca\/laurentideslanaudiere\/wp-content\/uploads\/sites\/14\/2020\/04\/Ren\u00e9002.jpg 520w, https:\/\/heritageclub.ca\/laurentideslanaudiere\/wp-content\/uploads\/sites\/14\/2020\/04\/Ren\u00e9002-243x300.jpg 243w\" sizes=\"auto, (max-width: 520px) 100vw, 520px\" \/><\/figure><\/div>\n\n\n\n<hr class=\"wp-block-separator\" \/>\n\n\n<p>\u00a0<\/p>\n<h1 class=\"title3\" style=\"text-align: center\"><span style=\"color: #ff0000\">Politique de prix pour cotisants et <\/span><br \/><span style=\"color: #ff0000\">non-cotisants<\/span><\/h1>\n<h4 style=\"text-align: center\"><span style=\"color: #000000\">(9 juillet 2018)<\/span><\/h4>\n<p>\u00a0<\/p>\n<ul>\n<li><span style=\"color: #000000\"><strong>CLUB H\u00c9RITAGE &#8211; CHAPITRE LAURENTIDES-LANAUDI\u00c8RE<\/strong><\/span><br \/><span style=\"color: #000000\"><strong>________________________________________<\/strong><\/span><br \/><span style=\"color: #000000\"><strong>Politique de prix<br \/><\/strong><\/span><br \/><span style=\"color: #000000\"><strong>INCITATIFS AVANTAGES PRIVIL\u00c8GES<\/strong><\/span><br \/><span style=\"color: #000000\"><strong>Les prix de nos activit\u00e9s sont \u00e9tablis en fonction des co\u00fbts engendr\u00e9s par ces activit\u00e9s.<\/strong><\/span><br \/><span style=\"color: #000000\"><strong>Afin d\u2019inciter nos membres \u00e0 payer leurs cotisations nous leur accordons un l\u00e9ger rabais \u00e0 titre d\u2019avantage et de privil\u00e8ge en tant que membre cotisant.<br \/><\/strong><\/span><br \/><span style=\"color: #000000\"><strong>Pourquoi payer une cotisation si je n\u2019ai aucun avantage aucun privil\u00e8ge ?<br \/><\/strong><\/span><br \/><span style=\"color: #000000\"><strong>Les membres cotisants re\u00e7oivent 4 communiqu\u00e9s par ann\u00e9e par la poste. Les non cotisants 1 seul mais peuvent consulter les 3 autres sur le site Web et en couleur.<br \/><\/strong><\/span><br \/><span style=\"color: #000000\"><strong>AVANTAGES et PRIVIL\u00c8GES<br \/><\/strong><\/span><span style=\"color: #000000\"><strong>Les membres cotisants re\u00e7oivent une lettre de Bonne F\u00eate avec un billet de loterie le mois de leur anniversaire de naissance pas les non-cotisants.<br \/>Les membres cotisants re\u00e7oivent une carte de Bonne F\u00eate avec un billet de loterie lors du d\u00eener du mois pas les non-cotisant.<\/strong><\/span><br \/><span style=\"color: #000000\"><strong>Les membres cotisants au chapitre Laurentides-Lanaudi\u00e8re jouissent d\u2019un rabais sur les d\u00eeners mensuels et sur toutes les activit\u00e9s pas les non-cotisant.<\/strong><\/span><br \/><span style=\"color: #000000\"><strong><br \/><\/strong><\/span><br \/><span style=\"color: #000000\"><strong>Le chapitre offre le vin \u00e0 3 occasions lors des d\u00eeners mensuels et des<\/strong><\/span><br \/><span style=\"color: #000000\"><strong>g\u00e2teries en chocolat \u00e0 2 occasions m\u00eame aux non-cotisants.<\/strong><\/span><br \/><span style=\"color: #000000\"><strong>Tous les membres des autres chapitres sont toujours les bienvenus<\/strong><\/span><br \/><span style=\"color: #000000\"><strong>\u00e0 toutes nos activit\u00e9s et c\u2019est avec plaisir que nous les accueillons.<\/strong><\/span><br \/><span style=\"color: #000000\"><strong>Cependant la m\u00eame politique s\u2019applique \u00e0 eux comme aux membres<\/strong><\/span><br \/><span style=\"color: #000000\"><strong>du chapitre Laurentides-Lanaudi\u00e8re s\u2019ils n\u2019ont pas pay\u00e9 leur<\/strong><\/span><br \/><span style=\"color: #000000\"><strong>cotisation \u00e0 notre chapitre ils ne peuvent pas b\u00e9n\u00e9ficier des rabais<\/strong><\/span><br \/><span style=\"color: #000000\"><strong>accord\u00e9s aux cotisants du chapitre Laurentides-Lanaudi\u00e8re.<\/strong><\/span><br \/><span style=\"color: #000000\"><strong><br \/>Voil\u00e0 quelques exemples d\u2019incitatifs pour inviter nos membres et les<\/strong><\/span><br \/><span style=\"color: #000000\"><strong>membres des autres chapitres \u00e0 payer leurs cotisations au chapitre<\/strong><\/span><br \/><span style=\"color: #000000\"><strong>Laurentides-Lanaudi\u00e8re et ainsi profiter des avantages et privil\u00e8ges<\/strong><\/span><br \/><span style=\"color: #000000\"><strong>tout en contribuant au financement du chapitre Laurentides-<\/strong><\/span><br \/><span style=\"color: #000000\"><strong>Lanaudi\u00e8re.<br \/><\/strong><\/span><br \/><span style=\"color: #000000\"><strong>Telle est la philosophie du chapitre Laurentides-Lanaudi\u00e8re en<\/strong><\/span><br \/><span style=\"color: #000000\"><strong>esp\u00e9rant que vous comprendrez.<br \/><\/strong><\/span><br \/><span style=\"color: #000000\"><strong>Pierre Lussier<\/strong><\/span><br \/><span style=\"color: #000000\"><strong>Vice-pr\u00e9sident<\/strong><\/span><\/li>\n<\/ul>\n<p>R\u00e9f: &gt;&gt;&gt;\u00a0 <a href=\"https:\/\/heritageclub.ca\/laurentideslanaudiere\/wp-content\/uploads\/sites\/14\/2018\/07\/Politique-de-prix-cotisants-non-cotisants.pdf\">Politique de prix cotisants non-cotisants<\/a><\/p>\n<p>\u00a0<\/p>\n<hr \/>\n<h3 style=\"text-align: center\"><span style=\"color: #ff0000\">Notre implication dans la communaut\u00e9<\/span><\/h3>\n<h4 style=\"text-align: center\"><span style=\"color: #000000\">(1 juillet 2018)<\/span><\/h4>\n<p><span style=\"color: #000000\"><strong>Cher Yvon,<\/strong><\/span><\/p>\n<p>\u00a0<\/p>\n<p><span style=\"color: #000000\"><strong>Quelle magnifique bo\u00eete \u00e0 tr\u00e9sors pour les jeunes de l\u2019\u00e9cole Olympic!<\/strong><\/span><\/p>\n<p><span style=\"color: #000000\"><strong>Avec pr\u00e8s de 4,400 jeunes \u00e9tudiants de la 1ere ann\u00e9e \u00e0 la huiti\u00e8me, et tous du bidonville Kibera \u00e0 Nairobi, l\u2019\u00e9cole appr\u00e9ciera \u00e9norm\u00e9ment les effets scolaires que les membres de ton groupe H\u00e9ritage ont amass\u00e9s pour eux. Un simple crayon \u2013 une simple plume aident ces jeunes plus que nous ne pouvons l\u2019imaginer. Le revenu moyen d\u2019une famille se chiffre \u00e0 environ $300 par ann\u00e9e \u2013 pour les chanceux qui se trouvent de l\u2019emploi. Ce contexte de grande pauvret\u00e9 permet de comprendre un peu mieux pourquoi la collecte de fournitures scolaires leur est d\u2019une aide pr\u00e9cieuse. Nous apporterons \u00e0 l\u2019\u00e9cole votre boite \u00e0 tr\u00e9sors lors de notre prochain voyage au Kenya en octobre.<\/strong><\/span><\/p>\n<p>\u00a0<\/p>\n<p><span style=\"color: #000000\"><strong>Cette \u00e9cole est notre cause de pr\u00e9dilection depuis 2005. Au fil des ans , gr\u00e2ce \u00e0 notre tournoi de golf annuel, nous avons investi plus de 308,750$ pour am\u00e9liorer le sort de ces jeunes sur le campus de l\u2019\u00e9cole, ie toitures neuves, r\u00e9servoirs d\u2019eau, pupitres neufs, bourses d\u2019\u00e9tudes pour le secondaire, etc etc sans compter les milliers de kilogrammes en fournitures scolaires. <\/strong><\/span><\/p>\n<p>\u00a0<\/p>\n<p><span style=\"color: #000000\"><strong>Nous sommes tr\u00e8s privil\u00e9gi\u00e9s de b\u00e9n\u00e9ficier de la grande g\u00e9n\u00e9rosit\u00e9 de ton groupe H\u00e9ritage. Ca nous fait tellement chaud au c\u0153ur de voir comment la grande famille des anciens de Postes Canada contribue au succ\u00e8s de nos projets. <\/strong><\/span><\/p>\n<p>\u00a0<\/p>\n<p><span style=\"color: #000000\"><strong>Les jeunes vous applaudissent et vous disent MERCI BEAUCOUP!<\/strong><\/span><\/p>\n<p>\u00a0<\/p>\n<p><span style=\"color: #000000\"><strong>Merci Yvon. Grosses bises \u00e0 vous tous!<\/strong><\/span><\/p>\n<p>\u00a0<\/p>\n<p><span style=\"color: #000000\"><strong>Rick et Nicole Goodfellow<\/strong><\/span><\/p>\n<p><strong><a href=\"http:\/\/www.rgicharity.com\">www.rgicharity.com<\/a><\/strong><\/p>\n<p>\u00a0<\/p>\n<p>r\u00e9f: <a href=\"https:\/\/heritageclub.ca\/laurentideslanaudiere\/wp-content\/uploads\/sites\/14\/2018\/07\/NOTRE-IMPLICATION-DANS-LA-COMMUNAUT\u00c9.pdf\">NOTRE IMPLICATION DANS LA COMMUNAUT\u00c9<\/a><\/p>\n<h1>\u00a0<\/h1>\n<hr \/>\n<h1 class=\"title3\" style=\"text-align: center\"><span style=\"color: #ff0000\"><br \/>Bon \u00e0 savoir<br \/><\/span><\/h1>\n<h4 style=\"text-align: center\"><span style=\"color: #000000\">(22 juin 2018)<\/span><\/h4>\n<p>\u00a0<\/p>\n<section class=\"fz17\"><span style=\"color: #000000\"><strong>22 juin 2018 -Le conseil de Marcel Anctil retrait\u00e9 des Postes <\/strong><\/span><br \/><span style=\"color: #000000\"> <strong>Maintenant Agent d\u2019immeuble Royal LePage Humania<\/strong><strong>L\u2019importance de se faire pr\u00e9-approuver afin d\u2019\u00e9viter des d\u00e9ceptionsLe taux utilis\u00e9 pour \u00e9tablir l\u2019admissibilit\u00e9 des emprunteurs hypoth\u00e9caires est maintenant de 5,34 %Le 9 mai dernier, la Banque du Canada a augment\u00e9 son taux hypoth\u00e9caire de r\u00e9f\u00e9rence pour un terme de cinq ans. Celui-ci est pass\u00e9 de 5,14 % \u00e0 5,34 %. Cette hausse fait suite \u00e0 l\u2019augmentation des taux affich\u00e9s des six grandes banques canadiennes survenue au cours des derni\u00e8res semaines.<\/strong><\/span><strong><span style=\"color: #000000\">Rappelons que le test de simulation de crise, impos\u00e9 par le Bureau du surintendant des institutions financi\u00e8res (BSIF), utilise pr\u00e9cis\u00e9ment ce taux de r\u00e9f\u00e9rence afin d\u2019\u00e9tablir l\u2019admissibilit\u00e9 des demandeurs de pr\u00eats hypoth\u00e9caires. Toutes choses \u00e9tant \u00e9gales par ailleurs, une hausse du taux de r\u00e9f\u00e9rence a pour effet de r\u00e9duire la capacit\u00e9 d\u2019emprunt des emprunteurs.<\/span><\/strong><strong><span style=\"color: #000000\">\u00c0 titre d\u2019exemple, une hypoth\u00e8que de 200 000$ avec un plan d\u2019amortissement de 25 ans au taux de 3,34% donne des mensualit\u00e9s de 984,16$. Avec le test de simulation de crise, l\u2019institution financi\u00e8re utilise le taux de 5,34% pour \u00e9tablir la capacit\u00e9 d\u2019emprunt ce qui \u00e9quivaut \u00e0 une mensualit\u00e9 de 1209,13$.<\/span><\/strong><strong><span style=\"color: #000000\">N\u2019h\u00e9sitez pas \u00e0 me contacter si des informations compl\u00e9mentaires s\u2019av\u00e9raient n\u00e9cessaires.<\/span><\/strong><strong><span style=\"color: #000000\">Marcel Anctil<\/span><\/strong><br \/><strong><span style=\"color: #000000\"> Royal LePage Humania<\/span><\/strong><br \/><strong><span style=\"color: #000000\"> 450-712-4879<\/span><\/strong><br \/><strong><span style=\"color: #000000\"> www.marcelanctil.com<\/span><\/strong><\/section>\n\n\n<hr class=\"wp-block-separator\" \/>\n","protected":false},"excerpt":{"rendered":"<p>JOHNSON Assurance Hommage rendu \u00e0 notre secr\u00e9taire-tr\u00e9sorier : M. Ren\u00e9 Pinsonneault F\u00e9licitations \u00e0 notre bien-aim\u00e9 tr\u00e9sorier r\u00e9cipiendaire de la M\u00e9daille du lieutenant-gouverneur pour les ain\u00e9s (argent). C\u2019est le conseil de ville de L\u2019Ile Perrot au complet et les employ\u00e9s qui ont fait cette demande aupr\u00e8s du Gouvernement pour son implication b\u00e9n\u00e9vole aupr\u00e8s de sa communaut\u00e9&#8230;.  <a class=\"excerpt-read-more\" href=\"https:\/\/heritageclub.ca\/laurentideslanaudiere\/information-utile\/\" title=\"Read NOUVELLES\">Lire la suite &raquo;<\/a><\/p>\n","protected":false},"author":12,"featured_media":0,"parent":0,"menu_order":0,"comment_status":"open","ping_status":"closed","template":"page-fullwidth.php","meta":{"_acf_changed":false,"footnotes":""},"class_list":["post-2392","page","type-page","status-publish","hentry"],"acf":[],"_links":{"self":[{"href":"https:\/\/heritageclub.ca\/laurentideslanaudiere\/wp-json\/wp\/v2\/pages\/2392","targetHints":{"allow":["GET"]}}],"collection":[{"href":"https:\/\/heritageclub.ca\/laurentideslanaudiere\/wp-json\/wp\/v2\/pages"}],"about":[{"href":"https:\/\/heritageclub.ca\/laurentideslanaudiere\/wp-json\/wp\/v2\/types\/page"}],"author":[{"embeddable":true,"href":"https:\/\/heritageclub.ca\/laurentideslanaudiere\/wp-json\/wp\/v2\/users\/12"}],"replies":[{"embeddable":true,"href":"https:\/\/heritageclub.ca\/laurentideslanaudiere\/wp-json\/wp\/v2\/comments?post=2392"}],"version-history":[{"count":19,"href":"https:\/\/heritageclub.ca\/laurentideslanaudiere\/wp-json\/wp\/v2\/pages\/2392\/revisions"}],"predecessor-version":[{"id":4989,"href":"https:\/\/heritageclub.ca\/laurentideslanaudiere\/wp-json\/wp\/v2\/pages\/2392\/revisions\/4989"}],"wp:attachment":[{"href":"https:\/\/heritageclub.ca\/laurentideslanaudiere\/wp-json\/wp\/v2\/media?parent=2392"}],"curies":[{"name":"wp","href":"https:\/\/api.w.org\/{rel}","templated":true}]}}